{"id":9970,"date":"2023-09-05T10:43:25","date_gmt":"2023-09-05T08:43:25","guid":{"rendered":"https:\/\/www.sorainstyles.com\/boutique\/?post_type=product&#038;p=9970"},"modified":"2025-10-03T15:11:44","modified_gmt":"2025-10-03T13:11:44","slug":"au-lait-no-cb9","status":"publish","type":"product","link":"https:\/\/www.sorainstyles.com\/boutique\/produit\/au-lait-no-cb9\/","title":{"rendered":"CB9 Au lait"},"content":{"rendered":"<h2>Au lait No.CB9 de chez Farrow &amp; Ball<\/h2>\n<h2>La parfaite toile vierge<\/h2>\n<div class=\"ui-textMD2\">\n<p>La teinte No.CB9 &#8211; Au lait est un <a href=\"https:\/\/www.cotemaison.fr\/salle-a-manger-salon\/diaporama\/decoration-salon-vive-le-blanc_31148.html\" target=\"_blank\" rel=\"noopener\">blanc doux<\/a>. Cette couleur s&rsquo;inspire du caf\u00e9 \u00e0 la chicor\u00e9e populaire \u00e0 la Nouvelle-Orl\u00e9ans, souvent servi avec du lait cuit \u00e0 la vapeur.<\/p>\n<p>Primer &amp; Undercoat recommand\u00e9e : <a href=\"https:\/\/www.sorainstyles.com\/boutique\/categorie-produit\/appret-sous-couches\/\" target=\"_blank\" rel=\"noopener\">White &amp; Light Tones<\/a><\/p>\n<p>Blanc compl\u00e9mentaire :\u00a0<a href=\"https:\/\/www.sorainstyles.com\/boutique\/produit\/roasted-macadamia-cb2\/\" target=\"_blank\" rel=\"noopener\">Roasted Macadamia<\/a><\/p>\n<h3>3 exemples d&rsquo;harmonies de couleurs avec la teinte All White &#8211; No. 2005<\/h3>\n<ul>\n<li>Stirabout No.300 &#8211; Wimborne White No.239<\/li>\n<li>Tanner&rsquo;s Brown No.255 &#8211; Jitney No.293<\/li>\n<li>Liquorice No.CB10 &#8211; Roasted Macadamia No.CB2<\/li>\n<\/ul>\n<h3>Information produit<\/h3>\n<h4>A base d&rsquo;eau et sans danger pour les enfants<\/h4>\n<p>En 2010, Farrow &amp; Ball a \u00e9t\u00e9 les premiers du secteur \u00e0 passer \u00e0 une gamme de finitions \u00e9labor\u00e9es enti\u00e8rement \u00e0 base d\u2019eau. D&rsquo;ailleurs, ces finitions \u00e0 faible teneur en COV et pratiquement sans odeur sont faciles \u00e0 nettoyer sans recourir \u00e0 des solvants nocifs.<\/p>\n<h4>Finitions de qualit\u00e9<\/h4>\n<p>Tout d&rsquo;abord, chacune de nos couleurs est disponible dans une gamme de finitions de peinture d\u2019int\u00e9rieur et d\u2019ext\u00e9rieur. Ensuite, chaque finition est test\u00e9e de mani\u00e8re rigoureuse pour garantir un fini durable et une profondeur de couleur exceptionnelle. Par ailleurs, pour obtenir les meilleurs r\u00e9sultats, nous recommandons toujours d\u2019utiliser une Impression &amp; Sous-couche Farrow &amp; Ball &#8211; voir plus haut pour trouver la tonalit\u00e9 de couleur exacte pour cette peinture<\/p>\n<\/div>\n","protected":false},"excerpt":{"rendered":"<h3>La parfaite toile vierge<\/h3>\n<p>Ce blanc doux \u00e9voque la douceur et la convivialit\u00e9, apportant une ambiance apaisante \u00e0 tout espace.<\/p>\n","protected":false},"featured_media":15196,"template":"","meta":{"_acf_changed":false,"_et_pb_use_builder":"","_et_pb_old_content":"","_et_gb_content_width":""},"product_brand":[],"product_cat":[823,331,329],"product_tag":[817,816,406,371,366,362],"class_list":{"0":"post-9970","1":"product","2":"type-product","3":"status-publish","4":"has-post-thumbnail","6":"product_cat-carte-blanche","7":"product_cat-clair","8":"product_cat-neutre","9":"product_tag-au-lait","10":"product_tag-cb9","11":"product_tag-couleur","12":"product_tag-farrow","13":"product_tag-farrowball","14":"product_tag-peinture","16":"first","17":"instock","18":"taxable","19":"shipping-taxable","20":"purchasable","21":"product-type-variable"},"acf":[],"_links":{"self":[{"href":"https:\/\/www.sorainstyles.com\/boutique\/wp-json\/wp\/v2\/product\/9970","targetHints":{"allow":["GET"]}}],"collection":[{"href":"https:\/\/www.sorainstyles.com\/boutique\/wp-json\/wp\/v2\/product"}],"about":[{"href":"https:\/\/www.sorainstyles.com\/boutique\/wp-json\/wp\/v2\/types\/product"}],"wp:featuredmedia":[{"embeddable":true,"href":"https:\/\/www.sorainstyles.com\/boutique\/wp-json\/wp\/v2\/media\/15196"}],"wp:attachment":[{"href":"https:\/\/www.sorainstyles.com\/boutique\/wp-json\/wp\/v2\/media?parent=9970"}],"wp:term":[{"taxonomy":"product_brand","embeddable":true,"href":"https:\/\/www.sorainstyles.com\/boutique\/wp-json\/wp\/v2\/product_brand?post=9970"},{"taxonomy":"product_cat","embeddable":true,"href":"https:\/\/www.sorainstyles.com\/boutique\/wp-json\/wp\/v2\/product_cat?post=9970"},{"taxonomy":"product_tag","embeddable":true,"href":"https:\/\/www.sorainstyles.com\/boutique\/wp-json\/wp\/v2\/product_tag?post=9970"}],"curies":[{"name":"wp","href":"https:\/\/api.w.org\/{rel}","templated":true}]}}