{"id":9942,"date":"2023-09-05T10:38:21","date_gmt":"2023-09-05T08:38:21","guid":{"rendered":"https:\/\/www.sorainstyles.com\/boutique\/?post_type=product&#038;p=9942"},"modified":"2025-09-30T15:24:11","modified_gmt":"2025-09-30T13:24:11","slug":"lobster-cb7","status":"publish","type":"product","link":"https:\/\/www.sorainstyles.com\/boutique\/produit\/lobster-cb7\/","title":{"rendered":"CB7 Lobster"},"content":{"rendered":"<h2>Lobster No.CB7 de chez Farrow &amp; Ball<\/h2>\n<h2>Un bleu vif et lumineux<\/h2>\n<div class=\"ui-textMD2\">\n<p>La teinte No.CB7 &#8211; Lobster est un <a href=\"http:\/\/www.crdecoration.com\/blog-decoration\/decoration\/10-idees-de-bleu-dans-la-decoration\" target=\"_blank\" rel=\"noopener\">bleu<\/a> vibrant et vif. Il tire son nom de ce crustac\u00e9 populaire en Louisiane.<\/p>\n<p>Primer &amp; Undercoat recommand\u00e9e : <a href=\"https:\/\/www.sorainstyles.com\/boutique\/impressions-sous-couches-farrow-ball\/\" target=\"_blank\" rel=\"noopener\">Mid Tones<\/a><\/p>\n<p>L&rsquo;utilisation de notre Mid Tones Primer &amp; Undercoat bas\u00e9 sur la couleur Bone ajoute une magnifique profondeur de couleur \u00e0 certaines de nos nuances les plus vendues.<\/p>\n<p>Fabriqu\u00e9s avec les m\u00eames ingr\u00e9dients naturels et pigments que nos couches de finition, nos appr\u00eats &amp; sous-couches constituent la base essentielle pour cr\u00e9er une finition riche, uniforme et durable<\/p>\n<p>Blanc compl\u00e9mentaire :\u00a0<a href=\"https:\/\/www.sorainstyles.com\/boutique\/produit\/au-lait-no-cb9\/\" target=\"_blank\" rel=\"noopener\">Au lait<\/a><\/p>\n<h3>3 exemples d&rsquo;harmonies de couleurs avec la teinte Lobster &#8211; No.CB7<\/h3>\n<ul>\n<li>Off-Black No.57 &#8211; Preference Red No.297<\/li>\n<li>Wine Dark No.308 &#8211; All White No.2005<\/li>\n<li>Raw Tomatillo No.CB6 &#8211; Shallot No.CB3<\/li>\n<\/ul>\n<h3>Information produit<\/h3>\n<h4>A base d&rsquo;eau et sans danger pour les enfants<\/h4>\n<p>En 2010, Farrow &amp; Ball a \u00e9t\u00e9 les premiers du secteur \u00e0 passer \u00e0 une gamme de finitions \u00e9labor\u00e9es enti\u00e8rement \u00e0 base d\u2019eau. D&rsquo;ailleurs, ces finitions \u00e0 faible teneur en COV et pratiquement sans odeur sont faciles \u00e0 nettoyer sans recourir \u00e0 des solvants nocifs.<\/p>\n<h4>Finitions de qualit\u00e9<\/h4>\n<p>Tout d&rsquo;abord, chacune de nos couleurs est disponible dans une gamme de finitions de peinture d\u2019int\u00e9rieur et d\u2019ext\u00e9rieur. Ensuite, chaque finition est test\u00e9e de mani\u00e8re rigoureuse pour garantir un fini durable et une profondeur de couleur exceptionnelle. Par ailleurs, pour obtenir les meilleurs r\u00e9sultats, nous recommandons toujours d\u2019utiliser une Impression &amp; Sous-couche Farrow &amp; Ball &#8211; voir plus haut pour trouver la tonalit\u00e9 de couleur exacte pour cette peinture<\/p>\n<\/div>\n","protected":false},"excerpt":{"rendered":"<h3>Un bleu vif et lumineux<\/h3>\n<p>Id\u00e9al pour les cuisines, les salles \u00e0 manger ou les salons, ce bleu peut ajouter une touche de sophistication tout en restant frais et \u00e9nergique.<\/p>\n","protected":false},"featured_media":15097,"template":"","meta":{"_acf_changed":false,"_et_pb_use_builder":"","_et_pb_old_content":"","_et_gb_content_width":""},"product_brand":[],"product_cat":[823,330,196],"product_tag":[812,406,371,366,813,362],"class_list":{"0":"post-9942","1":"product","2":"type-product","3":"status-publish","4":"has-post-thumbnail","6":"product_cat-carte-blanche","7":"product_cat-bleu","8":"product_cat-intense","9":"product_tag-cb7","10":"product_tag-couleur","11":"product_tag-farrow","12":"product_tag-farrowball","13":"product_tag-lobster","14":"product_tag-peinture","16":"first","17":"instock","18":"taxable","19":"shipping-taxable","20":"purchasable","21":"product-type-variable"},"acf":[],"_links":{"self":[{"href":"https:\/\/www.sorainstyles.com\/boutique\/wp-json\/wp\/v2\/product\/9942","targetHints":{"allow":["GET"]}}],"collection":[{"href":"https:\/\/www.sorainstyles.com\/boutique\/wp-json\/wp\/v2\/product"}],"about":[{"href":"https:\/\/www.sorainstyles.com\/boutique\/wp-json\/wp\/v2\/types\/product"}],"wp:featuredmedia":[{"embeddable":true,"href":"https:\/\/www.sorainstyles.com\/boutique\/wp-json\/wp\/v2\/media\/15097"}],"wp:attachment":[{"href":"https:\/\/www.sorainstyles.com\/boutique\/wp-json\/wp\/v2\/media?parent=9942"}],"wp:term":[{"taxonomy":"product_brand","embeddable":true,"href":"https:\/\/www.sorainstyles.com\/boutique\/wp-json\/wp\/v2\/product_brand?post=9942"},{"taxonomy":"product_cat","embeddable":true,"href":"https:\/\/www.sorainstyles.com\/boutique\/wp-json\/wp\/v2\/product_cat?post=9942"},{"taxonomy":"product_tag","embeddable":true,"href":"https:\/\/www.sorainstyles.com\/boutique\/wp-json\/wp\/v2\/product_tag?post=9942"}],"curies":[{"name":"wp","href":"https:\/\/api.w.org\/{rel}","templated":true}]}}