{"id":9278,"date":"2022-10-04T18:26:26","date_gmt":"2022-10-04T16:26:26","guid":{"rendered":"https:\/\/www.sorainstyles.com\/boutique\/?post_type=product&#038;p=9278"},"modified":"2025-09-30T15:34:17","modified_gmt":"2025-09-30T13:34:17","slug":"selvedge-306","status":"publish","type":"product","link":"https:\/\/www.sorainstyles.com\/boutique\/produit\/selvedge-306\/","title":{"rendered":"Selvedge 306"},"content":{"rendered":"<h1>Selvedge &#8211; No.306 de chez Farrow &amp; Ball<\/h1>\n<h2>Un bleu d\u00e9tendu<\/h2>\n<div class=\"ui-textMD2\">\n<p>La teinte Selvedge No.306 est une version plus l\u00e9g\u00e8re de De Nimes. Elle doit son nom au denim tr\u00e8s pris\u00e9, tiss\u00e9 sur un m\u00e9tier \u00e0 navette pour r\u00e9aliser des lisi\u00e8res. C&rsquo;est une couleur qui est particuli\u00e8rement belle dans les espaces faiblement \u00e9clair\u00e9s. Elle cr\u00e9e une atmosph\u00e8re famili\u00e8re et <a href=\"https:\/\/www.cotemaison.fr\/salle-a-manger-salon\/diaporama\/salon-cosy-nos-super-idees-pour-une-deco-cocooning_34049.html\" target=\"_blank\" rel=\"noopener\">cosy<\/a>, ce qui la d\u00e9signe tout naturellement pour les chambres ou les pi\u00e8ces o\u00f9 l\u2019on passe ses soir\u00e9es. Cette teinte se marie \u00e0 merveille avec des couleurs plus sombres comme <a href=\"https:\/\/www.sorainstyles.com\/boutique\/produit\/inchyra-blue-289\/\" target=\"_blank\" rel=\"noopener\">Inchyra Blue<\/a> ou <a href=\"https:\/\/www.sorainstyles.com\/boutique\/produit\/hopper-head-305\/\" target=\"_blank\" rel=\"noopener\">Hopper Head<\/a>.<\/p>\n<p>Primer &amp; Undercoat recommand\u00e9e : <a href=\"https:\/\/www.sorainstyles.com\/boutique\/appret-sous-couches\/\" target=\"_blank\" rel=\"noopener\">Mid Tones<\/a><\/p>\n<p>Blanc compl\u00e9mentaire :\u00a0<a href=\"https:\/\/www.sorainstyles.com\/boutique\/produit\/shadow-white-282\/\" target=\"_blank\" rel=\"noopener\">Shadow White<\/a><\/p>\n<h3>3 exemples d&rsquo;harmonies de couleurs avec la teinte Selvedge &#8211; No.306<\/h3>\n<ul>\n<li>Shadow White No.282 &#8211; School House White No.291<\/li>\n<li>Shaded White No.201 &#8211; Worsted No.284<\/li>\n<li>Inchyra Blue No.289 &#8211; De Nimes No.299<\/li>\n<\/ul>\n<h3>Information produit<\/h3>\n<\/div>\n<p>A base d&rsquo;eau et sans danger pour les enfants<\/p>\n<p>En 2010, nous avons \u00e9t\u00e9 les premiers du secteur \u00e0 passer \u00e0 une gamme de finitions \u00e9labor\u00e9es enti\u00e8rement \u00e0 base d\u2019eau. Ces finitions \u00e0 faible teneur en COV et pratiquement sans odeur sont faciles \u00e0 nettoyer sans recourir \u00e0 des solvants nocifs.<\/p>\n<div class=\"ui-textMD2\">\n<p>&nbsp;<\/p>\n<\/div>\n","protected":false},"excerpt":{"rendered":"<h3>Un bleu d\u00e9tendu<\/h3>\n<p>Ce bleu est id\u00e9ale pour les espaces faiblement \u00e9clair\u00e9s, cr\u00e9ant une ambiance chaleureuse et conviviale, parfaite pour les chambres ou les salons. Elle s&rsquo;harmonise magnifiquement avec des teintes sombres.<\/p>\n","protected":false},"featured_media":14645,"template":"","meta":{"_acf_changed":false,"_et_pb_use_builder":"","_et_pb_old_content":"","_et_gb_content_width":""},"product_brand":[],"product_cat":[143,330,341,360],"product_tag":[376,371,366,362,375],"class_list":{"0":"post-9278","1":"product","2":"type-product","3":"status-publish","4":"has-post-thumbnail","6":"product_cat-nuancier-actuel","7":"product_cat-bleu","8":"product_cat-fonce-luminosite","9":"product_cat-les-11-nouvelles-couleurs","10":"product_tag-376","11":"product_tag-farrow","12":"product_tag-farrowball","13":"product_tag-peinture","14":"product_tag-selvedge","16":"first","17":"instock","18":"taxable","19":"shipping-taxable","20":"purchasable","21":"product-type-variable"},"acf":[],"_links":{"self":[{"href":"https:\/\/www.sorainstyles.com\/boutique\/wp-json\/wp\/v2\/product\/9278","targetHints":{"allow":["GET"]}}],"collection":[{"href":"https:\/\/www.sorainstyles.com\/boutique\/wp-json\/wp\/v2\/product"}],"about":[{"href":"https:\/\/www.sorainstyles.com\/boutique\/wp-json\/wp\/v2\/types\/product"}],"wp:featuredmedia":[{"embeddable":true,"href":"https:\/\/www.sorainstyles.com\/boutique\/wp-json\/wp\/v2\/media\/14645"}],"wp:attachment":[{"href":"https:\/\/www.sorainstyles.com\/boutique\/wp-json\/wp\/v2\/media?parent=9278"}],"wp:term":[{"taxonomy":"product_brand","embeddable":true,"href":"https:\/\/www.sorainstyles.com\/boutique\/wp-json\/wp\/v2\/product_brand?post=9278"},{"taxonomy":"product_cat","embeddable":true,"href":"https:\/\/www.sorainstyles.com\/boutique\/wp-json\/wp\/v2\/product_cat?post=9278"},{"taxonomy":"product_tag","embeddable":true,"href":"https:\/\/www.sorainstyles.com\/boutique\/wp-json\/wp\/v2\/product_tag?post=9278"}],"curies":[{"name":"wp","href":"https:\/\/api.w.org\/{rel}","templated":true}]}}