{"id":9189,"date":"2022-10-02T14:44:55","date_gmt":"2022-10-02T12:44:55","guid":{"rendered":"https:\/\/www.sorainstyles.com\/boutique\/?post_type=product&#038;p=9189"},"modified":"2025-10-15T10:32:51","modified_gmt":"2025-10-15T08:32:51","slug":"bamboozle-304","status":"publish","type":"product","link":"https:\/\/www.sorainstyles.com\/boutique\/produit\/bamboozle-304\/","title":{"rendered":"Bamboozle 304"},"content":{"rendered":"<div class=\"col-sm-12 col-md-6 col-lg-5 col-lg-offset-2\">\n<div class=\"gallery__intro\">\n<h1>Bamboozle &#8211; No.304 de chez Farrow &amp; Ball<\/h1>\n<h2>Un rouge flamme vif<\/h2>\n<div class=\"ui-textMD2\">\n<p>La teinte n\u00b0 304 Bamboozle est notre rouge le plus vif. Son nom \u00e9tait \u00e0 l&rsquo;origine utilis\u00e9 pour d\u00e9crire la tromperie des pirates. Cette couleur est plein d&rsquo;esprit de flibuste. Elle ajoute de la joie et de la chaleur \u00e0 n&rsquo;importe quelle combinaison, que ce soit dans un int\u00e9rieur traditionnel ou <a href=\"https:\/\/www.cotemaison.fr\/deco-salon_6718.html\" target=\"_blank\" rel=\"noopener\">moderne<\/a>. Il est fid\u00e8le \u00e0 lui-m\u00eame sous toutes les lumi\u00e8res et se marie \u00e0 ravir avec d\u2019autres couleurs fortes, comme <a href=\"https:\/\/www.sorainstyles.com\/boutique\/produit\/beverly-310\/\" target=\"_blank\" rel=\"noopener\">Beverly<\/a> et <a href=\"https:\/\/www.sorainstyles.com\/boutique\/produit\/wine-dark-308\/\" target=\"_blank\" rel=\"noopener\">Wine Dark<\/a>.<\/p>\n<p>Primer &amp; Undercoat recommand\u00e9e : <a href=\"https:\/\/www.sorainstyles.com\/boutique\/appret-sous-couches\/\" target=\"_blank\" rel=\"noopener\">Red &amp; Warm Tones<\/a><\/p>\n<p>Blanc compl\u00e9mentaire :\u00a0<a href=\"https:\/\/www.sorainstyles.com\/boutique\/produit\/slipper-satin-2004\/\" target=\"_blank\" rel=\"noopener\">Slipper Satin<\/a><\/p>\n<h3>4 exemples d&rsquo;harmonies de couleurs avec la teinte Bamboozle &#8211; No.304<\/h3>\n<ul>\n<li>Slipper Satin No.2004 &#8211; Wimborne White No.239<\/li>\n<li>Lime White No.1 &#8211; Bone No.15<\/li>\n<li>Calke Green No.34 &#8211; Whirlybird No.309<\/li>\n<li>Hague Blue No.30 &#8211; Beverly No.310<\/li>\n<\/ul>\n<h3>Information produit<\/h3>\n<p>A base d&rsquo;eau et sans danger pour les enfants.<\/p>\n<p>En 2010, Farrow &amp; Ball a \u00e9t\u00e9 les premiers du secteur \u00e0 passer \u00e0 une gamme de finitions \u00e9labor\u00e9es enti\u00e8rement \u00e0 base d\u2019eau. Ces finitions \u00e0 faible teneur en COV et pratiquement sans odeur sont faciles \u00e0 nettoyer sans recourir \u00e0 des solvants nocifs.<\/p>\n<\/div>\n<\/div>\n<\/div>\n","protected":false},"excerpt":{"rendered":"<h3>Un rouge flamme vif<\/h3>\n<p>Notre rouge \u00e9clatant, Bamboozle, apporte chaleur et joie \u00e0 tout espace, qu&rsquo;il soit classique ou moderne, et s&rsquo;associe magnifiquement \u00e0 des teintes intenses.<\/p>\n<p>Sous-couche recommand\u00e9e : <a href=\"https:\/\/www.sorainstyles.com\/boutique\/appret-sous-couches\/\" target=\"_blank\" rel=\"noopener\">Red &amp; Warm Tones<\/a><\/p>\n","protected":false},"featured_media":14651,"template":"","meta":{"_acf_changed":false,"_et_pb_use_builder":"","_et_pb_old_content":"","_et_gb_content_width":""},"product_brand":[],"product_cat":[110,196,360,143],"product_tag":[384,383,371,363,362],"class_list":{"0":"post-9189","1":"product","2":"type-product","3":"status-publish","4":"has-post-thumbnail","6":"product_cat-rouge","7":"product_cat-intense","8":"product_cat-les-11-nouvelles-couleurs","9":"product_cat-nuancier-actuel","10":"product_tag-384","11":"product_tag-bamboozle","12":"product_tag-farrow","13":"product_tag-farrowandball","14":"product_tag-peinture","16":"first","17":"instock","18":"taxable","19":"shipping-taxable","20":"purchasable","21":"product-type-variable"},"acf":[],"_links":{"self":[{"href":"https:\/\/www.sorainstyles.com\/boutique\/wp-json\/wp\/v2\/product\/9189","targetHints":{"allow":["GET"]}}],"collection":[{"href":"https:\/\/www.sorainstyles.com\/boutique\/wp-json\/wp\/v2\/product"}],"about":[{"href":"https:\/\/www.sorainstyles.com\/boutique\/wp-json\/wp\/v2\/types\/product"}],"wp:featuredmedia":[{"embeddable":true,"href":"https:\/\/www.sorainstyles.com\/boutique\/wp-json\/wp\/v2\/media\/14651"}],"wp:attachment":[{"href":"https:\/\/www.sorainstyles.com\/boutique\/wp-json\/wp\/v2\/media?parent=9189"}],"wp:term":[{"taxonomy":"product_brand","embeddable":true,"href":"https:\/\/www.sorainstyles.com\/boutique\/wp-json\/wp\/v2\/product_brand?post=9189"},{"taxonomy":"product_cat","embeddable":true,"href":"https:\/\/www.sorainstyles.com\/boutique\/wp-json\/wp\/v2\/product_cat?post=9189"},{"taxonomy":"product_tag","embeddable":true,"href":"https:\/\/www.sorainstyles.com\/boutique\/wp-json\/wp\/v2\/product_tag?post=9189"}],"curies":[{"name":"wp","href":"https:\/\/api.w.org\/{rel}","templated":true}]}}