{"id":7231,"date":"2021-12-07T21:06:02","date_gmt":"2021-12-07T20:06:02","guid":{"rendered":"https:\/\/www.sorainstyles.com\/boutique\/produit\/monture-fb-22-5x3-75-cm-9\/"},"modified":"2025-10-21T11:13:04","modified_gmt":"2025-10-21T09:13:04","slug":"monture-fb-22-5x3-75-cm-9","status":"publish","type":"product","link":"https:\/\/www.sorainstyles.com\/boutique\/produit\/monture-fb-22-5x3-75-cm-9\/","title":{"rendered":"MONTURE F&amp;B 22.5X3.75 CM"},"content":{"rendered":"<p>Notre rouleau haut de gamme est sp\u00e9cialement con\u00e7u pour \u00eatre utilis\u00e9 avec nos peintures \u00e0 base d\u2019eau. Utilisez-le avec notre <a href=\"https:\/\/www.sorainstyles.com\/boutique\/produit\/manch-fb-standard-22-5x3-75cm\/\" target=\"_blank\" rel=\"noopener\">manchon<\/a> en polyester tiss\u00e9 \u00e0 poils moyens (vendu s\u00e9par\u00e9ment) pour appliquer les peintures Farrow &amp; Ball Estate Emulsion et Modern Emulsion. Cr\u00e9er un fini sans d\u00e9faut gr\u00e2ce \u00e0 une application homog\u00e8ne, qui minimise les traces de rouleau. L&rsquo;armature du rouleau est munie d\u2019une poign\u00e9e en cerisier approuv\u00e9e par, sp\u00e9cialement con\u00e7ue pour r\u00e9duire la flexibilit\u00e9 pendant l\u2019application.<\/p>\n","protected":false},"excerpt":{"rendered":"<p>Notre rouleau haut de gamme est sp\u00e9cialement con\u00e7u pour \u00eatre utilis\u00e9 avec nos peintures \u00e0 base d\u2019eau. Utilisez-le avec notre manchon en polyester tiss\u00e9 \u00e0 poils moyens (vendu s\u00e9par\u00e9ment) pour appliquer les peintures Farrow &amp; Ball Estate Emulsion et Modern Emulsion et cr\u00e9er un fini sans d\u00e9faut gr\u00e2ce \u00e0 une application homog\u00e8ne, qui minimise les traces de rouleau.<\/p>\n","protected":false},"featured_media":15519,"template":"","meta":{"_acf_changed":false,"_et_pb_use_builder":"","_et_pb_old_content":"","_et_gb_content_width":""},"product_brand":[],"product_cat":[311],"product_tag":[],"class_list":{"0":"post-7231","1":"product","2":"type-product","3":"status-publish","4":"has-post-thumbnail","6":"product_cat-pinceaux-rouleaux","8":"first","9":"instock","10":"taxable","11":"shipping-taxable","12":"purchasable","13":"product-type-simple"},"acf":[],"_links":{"self":[{"href":"https:\/\/www.sorainstyles.com\/boutique\/wp-json\/wp\/v2\/product\/7231","targetHints":{"allow":["GET"]}}],"collection":[{"href":"https:\/\/www.sorainstyles.com\/boutique\/wp-json\/wp\/v2\/product"}],"about":[{"href":"https:\/\/www.sorainstyles.com\/boutique\/wp-json\/wp\/v2\/types\/product"}],"wp:featuredmedia":[{"embeddable":true,"href":"https:\/\/www.sorainstyles.com\/boutique\/wp-json\/wp\/v2\/media\/15519"}],"wp:attachment":[{"href":"https:\/\/www.sorainstyles.com\/boutique\/wp-json\/wp\/v2\/media?parent=7231"}],"wp:term":[{"taxonomy":"product_brand","embeddable":true,"href":"https:\/\/www.sorainstyles.com\/boutique\/wp-json\/wp\/v2\/product_brand?post=7231"},{"taxonomy":"product_cat","embeddable":true,"href":"https:\/\/www.sorainstyles.com\/boutique\/wp-json\/wp\/v2\/product_cat?post=7231"},{"taxonomy":"product_tag","embeddable":true,"href":"https:\/\/www.sorainstyles.com\/boutique\/wp-json\/wp\/v2\/product_tag?post=7231"}],"curies":[{"name":"wp","href":"https:\/\/api.w.org\/{rel}","templated":true}]}}