{"id":7225,"date":"2021-12-07T21:05:58","date_gmt":"2021-12-07T20:05:58","guid":{"rendered":"https:\/\/www.sorainstyles.com\/boutique\/produit\/conseil-couleur-au-showroom\/"},"modified":"2025-10-24T07:10:54","modified_gmt":"2025-10-24T05:10:54","slug":"conseil-couleur-showroom-bordeaux","status":"publish","type":"product","link":"https:\/\/www.sorainstyles.com\/boutique\/produit\/conseil-couleur-showroom-bordeaux\/","title":{"rendered":"Conseil couleur showroom Bordeaux (1h &#8211; 200\u20ac)"},"content":{"rendered":"<h2>Conseil couleur priv\u00e9 au showroom \u00e0 Bordeaux<\/h2>\n<p>Vous souhaitez choisir une ou plusieurs couleurs mais vous n&rsquo;arrivez pas \u00e0 vous d\u00e9cidez ? R\u00e9servez votre conseil couleur priv\u00e9 au showroom Sorain &amp; Styles \u00e0 Bordeaux.<\/p>\n<p>Ensemble, nous partagerons votre projet, vos passions, vos envies.<\/p>\n<ul>\n<li>Vous apportez photos, articles, \u00e9chantillons de tissus, plans\u2026<\/li>\n<li>Vous listez vos go\u00fbts et surtout vos besoins.<\/li>\n<li>Vous vous laissez guider par nos suggestions et vos inspirations.<\/li>\n<li>Une \u00e9tape id\u00e9ale avant un <a href=\"https:\/\/www.sorainstyles.com\/conseils-deco\/\" target=\"_blank\" rel=\"noopener\">conseil \u00e0 domicile<\/a> ou des <a href=\"https:\/\/www.sorainstyles.com\/travaux-decoration-bordeaux\/\" target=\"_blank\" rel=\"noopener\">travaux<\/a>.<\/li>\n<li>Nous vous apportons imm\u00e9diatement des r\u00e9ponses orales avec des astuces et des solutions pratiques pour am\u00e9nager votre int\u00e9rieur.<\/li>\n<\/ul>\n<p>Sur rendez-vous<\/p>\n<h6><span class=\"highlight\">Tarif 150 \u20ac\/heure.<br \/>\nRemboursable par tranche de 500 \u20ac minimum d\u2019achat<\/span><\/h6>\n","protected":false},"excerpt":{"rendered":"<p><span class=\"OYPEnA font-feature-liga-off font-feature-clig-off font-feature-calt-off text-decoration-none text-strikethrough-none\">Lors de ce moment d&rsquo;\u00e9change privil\u00e9gi\u00e9 d\u2019une heure, nous \u00e9tudions ensemble votre projet, vos go\u00fbts, vos envies, vos contraintes. Apportez photos, \u00e9chantillons, plans ou tout autre support utile : nous vous aidons \u00e0 faire les bons choix.<\/span><\/p>\n<p>&nbsp;<\/p>\n<ul>\n<li><strong><span class=\"OYPEnA font-feature-liga-off font-feature-clig-off font-feature-calt-off text-decoration-none text-strikethrough-none\">Trouver l&rsquo;harmonie parfaite entre vos couleurs, mat\u00e9riaux et lumi\u00e8re<\/span><\/strong><\/li>\n<li><b>B\u00e9n\u00e9ficiez de suggestions sur-mesure adapt\u00e9es \u00e0 votre style de vie\u00a0<\/b><\/li>\n<li><strong><span class=\"OYPEnA font-feature-liga-off font-feature-clig-off font-feature-calt-off text-decoration-none text-strikethrough-none\">Envoi d\u2019un compte-rendu des couleurs choisies<\/span><\/strong><\/li>\n<\/ul>\n","protected":false},"featured_media":14762,"template":"","meta":{"_acf_changed":false,"_et_pb_use_builder":"","_et_pb_old_content":"","_et_gb_content_width":""},"product_brand":[],"product_cat":[310],"product_tag":[],"class_list":{"0":"post-7225","1":"product","2":"type-product","3":"status-publish","4":"has-post-thumbnail","6":"product_cat-consultations-couleurs","8":"first","9":"instock","10":"virtual","11":"taxable","12":"purchasable","13":"product-type-simple"},"acf":[],"_links":{"self":[{"href":"https:\/\/www.sorainstyles.com\/boutique\/wp-json\/wp\/v2\/product\/7225","targetHints":{"allow":["GET"]}}],"collection":[{"href":"https:\/\/www.sorainstyles.com\/boutique\/wp-json\/wp\/v2\/product"}],"about":[{"href":"https:\/\/www.sorainstyles.com\/boutique\/wp-json\/wp\/v2\/types\/product"}],"wp:featuredmedia":[{"embeddable":true,"href":"https:\/\/www.sorainstyles.com\/boutique\/wp-json\/wp\/v2\/media\/14762"}],"wp:attachment":[{"href":"https:\/\/www.sorainstyles.com\/boutique\/wp-json\/wp\/v2\/media?parent=7225"}],"wp:term":[{"taxonomy":"product_brand","embeddable":true,"href":"https:\/\/www.sorainstyles.com\/boutique\/wp-json\/wp\/v2\/product_brand?post=7225"},{"taxonomy":"product_cat","embeddable":true,"href":"https:\/\/www.sorainstyles.com\/boutique\/wp-json\/wp\/v2\/product_cat?post=7225"},{"taxonomy":"product_tag","embeddable":true,"href":"https:\/\/www.sorainstyles.com\/boutique\/wp-json\/wp\/v2\/product_tag?post=7225"}],"curies":[{"name":"wp","href":"https:\/\/api.w.org\/{rel}","templated":true}]}}