{"id":7224,"date":"2021-12-07T21:05:56","date_gmt":"2021-12-07T20:05:56","guid":{"rendered":"https:\/\/www.sorainstyles.com\/boutique\/produit\/conseil-couleur-a-domicile\/"},"modified":"2025-10-24T07:11:40","modified_gmt":"2025-10-24T05:11:40","slug":"conseil-couleur-a-domicile-bordeaux","status":"publish","type":"product","link":"https:\/\/www.sorainstyles.com\/boutique\/produit\/conseil-couleur-a-domicile-bordeaux\/","title":{"rendered":"Conseil couleur domicile Bordeaux (1h \u2013 250\u20ac)"},"content":{"rendered":"<h2>Conseil couleur domicile \u00e0 Bordeaux<\/h2>\n<p>Vous souhaitez choisir une ou plusieurs couleurs mais vous n\u2019arrivez pas \u00e0 vous d\u00e9cidez ? R\u00e9servez votre <a href=\"https:\/\/www.sorainstyles.com\/conseils-deco\/\" target=\"_blank\" rel=\"noopener\">conseil couleur<\/a> \u00e0 domicile avec l&rsquo;une de nos 4 coloristes Sorain &amp; Styles \u00e0 Bordeaux.<\/p>\n<p>Nous nous d\u00e9pla\u00e7ons \u00e0 votre domicile.<\/p>\n<ul>\n<li>Votre conseiller couleur s\u2019impr\u00e8gne de votre int\u00e9rieur et peut juger des effets de lumi\u00e8re, de la r\u00e9alit\u00e9 du lieu de vie.<\/li>\n<li>Nous discutons, \u00e9changeons et d\u2019appr\u00e9cier l\u2019\u00e9tendue de votre sensibilit\u00e9 d\u00e9co.<\/li>\n<li>Ce conseil peut \u00eatre compl\u00e9t\u00e9 par un devis afin de r\u00e9aliser vos travaux.<\/li>\n<\/ul>\n<p>Sur rendez-vous<\/p>\n<h6><span class=\"highlight\">Tarif 250 \u20ac\/heure hors d\u00e9placement<\/span><br \/>\n<span class=\"highlight\">Pots \u00e9chantillons Farrow &amp; Ball offerts<\/span><\/h6>\n<p><span class=\"highlight\">d<\/span>\u00e9placement gratuit dans Bordeaux M\u00e9tropole<\/p>\n","protected":false},"excerpt":{"rendered":"<p><span class=\"OYPEnA font-feature-liga-off font-feature-clig-off font-feature-calt-off text-decoration-none text-strikethrough-none\">B\u00e9n\u00e9ficiez d\u2019une heure de conseil personnalis\u00e9 directement chez vous \u00e0 Bordeaux. Une d\u00e9coratrice sp\u00e9cialiste Farrow &amp; Ball vous aide \u00e0 trouver la palette parfaite, en harmonie avec votre mobilier, votre sol et la lumi\u00e8re de vos pi\u00e8ces.<br \/>\n<\/span><\/p>\n<ul>\n<li><strong><span class=\"OYPEnA font-feature-liga-off font-feature-clig-off font-feature-calt-off text-decoration-none text-strikethrough-none\">Accompagnement sur-mesure pour vos choix de peinture Farrow &amp; Ball<\/span><\/strong><\/li>\n<li><strong><span class=\"OYPEnA font-feature-liga-off font-feature-clig-off font-feature-calt-off text-decoration-none text-strikethrough-none\">Rendez-vous \u00e0 domicile \u00e0 Bordeaux<\/span><span class=\"OYPEnA font-feature-liga-off font-feature-clig-off font-feature-calt-off text-strikethrough-none text-decoration-underline\"> et alentours<\/span><\/strong><\/li>\n<li><strong><span class=\"OYPEnA font-feature-liga-off font-feature-clig-off font-feature-calt-off text-decoration-none text-strikethrough-none\">Envoi d\u2019un compte-rendu des couleurs choisies<\/span><\/strong><\/li>\n<li><strong><span class=\"OYPEnA font-feature-liga-off font-feature-clig-off font-feature-calt-off text-decoration-none text-strikethrough-none\">pots \u00e9chantillons Farrow &amp; Ball offerts apr\u00e8s le rendez-vous<\/span><\/strong><\/li>\n<\/ul>\n<p><span class=\"OYPEnA font-feature-liga-off font-feature-clig-off font-feature-calt-off text-decoration-none text-strikethrough-none\">\u00a0<\/span><\/p>\n","protected":false},"featured_media":13361,"template":"","meta":{"_acf_changed":false,"_et_pb_use_builder":"","_et_pb_old_content":"","_et_gb_content_width":""},"product_brand":[],"product_cat":[310],"product_tag":[],"class_list":{"0":"post-7224","1":"product","2":"type-product","3":"status-publish","4":"has-post-thumbnail","6":"product_cat-consultations-couleurs","8":"first","9":"instock","10":"virtual","11":"taxable","12":"purchasable","13":"product-type-simple"},"acf":[],"_links":{"self":[{"href":"https:\/\/www.sorainstyles.com\/boutique\/wp-json\/wp\/v2\/product\/7224","targetHints":{"allow":["GET"]}}],"collection":[{"href":"https:\/\/www.sorainstyles.com\/boutique\/wp-json\/wp\/v2\/product"}],"about":[{"href":"https:\/\/www.sorainstyles.com\/boutique\/wp-json\/wp\/v2\/types\/product"}],"wp:featuredmedia":[{"embeddable":true,"href":"https:\/\/www.sorainstyles.com\/boutique\/wp-json\/wp\/v2\/media\/13361"}],"wp:attachment":[{"href":"https:\/\/www.sorainstyles.com\/boutique\/wp-json\/wp\/v2\/media?parent=7224"}],"wp:term":[{"taxonomy":"product_brand","embeddable":true,"href":"https:\/\/www.sorainstyles.com\/boutique\/wp-json\/wp\/v2\/product_brand?post=7224"},{"taxonomy":"product_cat","embeddable":true,"href":"https:\/\/www.sorainstyles.com\/boutique\/wp-json\/wp\/v2\/product_cat?post=7224"},{"taxonomy":"product_tag","embeddable":true,"href":"https:\/\/www.sorainstyles.com\/boutique\/wp-json\/wp\/v2\/product_tag?post=7224"}],"curies":[{"name":"wp","href":"https:\/\/api.w.org\/{rel}","templated":true}]}}