{"id":3587,"date":"2021-12-07T20:09:55","date_gmt":"2021-12-07T19:09:55","guid":{"rendered":"https:\/\/www.sorainstyles.com\/boutique\/produit\/smelt-g18\/"},"modified":"2025-10-03T09:58:59","modified_gmt":"2025-10-03T07:58:59","slug":"smelt-g18","status":"publish","type":"product","link":"https:\/\/www.sorainstyles.com\/boutique\/produit\/smelt-g18\/","title":{"rendered":"Smelt Black G18"},"content":{"rendered":"<h2>Archive Collection : Smelt Black No.G18<\/h2>\n<h2>Un noir doux<\/h2>\n<p>Smelt Black No.G18, entre Railings et Off-Black, \u00e9voque l\u2019aspect brut et profond du <a href=\"https:\/\/www.modalova.fr\/zine\/8-idees-adopter-tendance-metal-2025\/\" target=\"_blank\" rel=\"noopener\">m\u00e9tal<\/a>.<\/p>\n<p>NB : cette couleur n&rsquo;existe pas en pot d&rsquo;\u00e9chantillon.<\/p>\n<p>Primer &amp; Undercoat recommand\u00e9e: <a href=\"https:\/\/www.sorainstyles.com\/boutique\/categorie-produit\/appret-sous-couches\/dark-tones\/\" target=\"_blank\" rel=\"noopener\">Dark Tones<\/a><\/p>\n<p>Blanc compl\u00e9mentaire:\u00a0<a href=\"https:\/\/www.sorainstyles.com\/boutique\/produit\/drop-cloth-283\/\" target=\"_blank\" rel=\"noopener\">Drop Cloth<\/a><\/p>\n<h3>Exemple d&rsquo;harmonie de couleur avec la teinte Smelt Black<\/h3>\n<ul>\n<li>Calluna No.270 &#8211; Brassica No.271<\/li>\n<\/ul>\n<h3>Information produit<\/h3>\n<h4>A base d&rsquo;eau et sans danger pour les enfants<\/h4>\n<p>En 2010, Farrow &amp; Ball a \u00e9t\u00e9 les premiers du secteur \u00e0 passer \u00e0 une gamme de finitions \u00e9labor\u00e9es enti\u00e8rement \u00e0 base d\u2019eau. Ces finitions \u00e0 faible teneur en COV et pratiquement sans odeur sont faciles \u00e0 nettoyer sans recourir \u00e0 des solvants nocifs.<\/p>\n<h4>Finitions de qualit\u00e9<\/h4>\n<p>Chacune de nos couleurs est disponible dans une gamme de finitions de peinture d\u2019int\u00e9rieur et d\u2019ext\u00e9rieur. Chaque finition est test\u00e9e de mani\u00e8re rigoureuse pour garantir un fini durable et une profondeur de couleur exceptionnelle. Pour obtenir les meilleurs r\u00e9sultats, nous recommandons toujours d\u2019utiliser une Impression &amp; Sous-couche Farrow &amp; Ball &#8211; voir plus haut pour trouver la tonalit\u00e9 de couleur exacte pour cette peinture.<\/p>\n","protected":false},"excerpt":{"rendered":"<h3>Un noir doux<\/h3>\n<p>Cette couleur noire, dite sourde en raison de ses l\u00e9gers sous-tons gris, convient aussi bien pour les espaces ext\u00e9rieurs qu\u2019int\u00e9rieurs.<\/p>\n<p>Sous-couche recommand\u00e9e : <a href=\"https:\/\/www.sorainstyles.com\/boutique\/categorie-produit\/appret-sous-couches\/dark-tones\/\" target=\"_blank\" rel=\"noopener\">Dark Tones<\/a><\/p>\n","protected":false},"featured_media":14039,"template":"","meta":{"_acf_changed":false,"_et_pb_use_builder":"","_et_pb_old_content":"","_et_gb_content_width":""},"product_brand":[],"product_cat":[343,341,96,278,81],"product_tag":[371,366,388,362,387],"class_list":{"0":"post-3587","1":"product","2":"type-product","3":"status-publish","4":"has-post-thumbnail","6":"product_cat-archive","7":"product_cat-fonce-luminosite","8":"product_cat-fonce","9":"product_cat-garden-collection","10":"product_cat-peintures-de-finition","11":"product_tag-farrow","12":"product_tag-farrowball","13":"product_tag-g18","14":"product_tag-peinture","15":"product_tag-smelt-black","17":"first","18":"instock","19":"taxable","20":"shipping-taxable","21":"purchasable","22":"product-type-variable"},"acf":[],"_links":{"self":[{"href":"https:\/\/www.sorainstyles.com\/boutique\/wp-json\/wp\/v2\/product\/3587","targetHints":{"allow":["GET"]}}],"collection":[{"href":"https:\/\/www.sorainstyles.com\/boutique\/wp-json\/wp\/v2\/product"}],"about":[{"href":"https:\/\/www.sorainstyles.com\/boutique\/wp-json\/wp\/v2\/types\/product"}],"wp:featuredmedia":[{"embeddable":true,"href":"https:\/\/www.sorainstyles.com\/boutique\/wp-json\/wp\/v2\/media\/14039"}],"wp:attachment":[{"href":"https:\/\/www.sorainstyles.com\/boutique\/wp-json\/wp\/v2\/media?parent=3587"}],"wp:term":[{"taxonomy":"product_brand","embeddable":true,"href":"https:\/\/www.sorainstyles.com\/boutique\/wp-json\/wp\/v2\/product_brand?post=3587"},{"taxonomy":"product_cat","embeddable":true,"href":"https:\/\/www.sorainstyles.com\/boutique\/wp-json\/wp\/v2\/product_cat?post=3587"},{"taxonomy":"product_tag","embeddable":true,"href":"https:\/\/www.sorainstyles.com\/boutique\/wp-json\/wp\/v2\/product_tag?post=3587"}],"curies":[{"name":"wp","href":"https:\/\/api.w.org\/{rel}","templated":true}]}}