{"id":3493,"date":"2021-12-07T20:07:59","date_gmt":"2021-12-07T19:07:59","guid":{"rendered":"https:\/\/www.sorainstyles.com\/boutique\/produit\/bancha-298\/"},"modified":"2025-10-19T17:09:47","modified_gmt":"2025-10-19T15:09:47","slug":"bancha-298","status":"publish","type":"product","link":"https:\/\/www.sorainstyles.com\/boutique\/produit\/bancha-298\/","title":{"rendered":"Bancha 298"},"content":{"rendered":"<h2>Bancha &#8211; No.298 de chez Farrow &amp; Ball<\/h2>\n<h2>Un vert olive rassurant<\/h2>\n<p>La teinte No.298 Bancha est un vert moderne, typique des ann\u00e9es 50. Cette couleur est une version sombre de la teinte Olive, tr\u00e8s pris\u00e9e et d\u00e9sormais archiv\u00e9e. Id\u00e9al pour ceux qui souhaitent d\u00e9corer leur int\u00e9rieur avec des couleurs fortes, il poss\u00e8de n\u00e9anmoins une sobri\u00e9t\u00e9 qui diffuse une atmosph\u00e8re calme et apaisante. Et ce, d\u2019autant plus quand il est associ\u00e9 avec des bruns ou des roses doux. Bancha, qui porte le nom d\u2019une vari\u00e9t\u00e9 de feuille de th\u00e9 japonais, procure instantan\u00e9ment un sentiment de s\u00e9curit\u00e9.<\/p>\n<p>Primer &amp; Undercoat recommand\u00e9e: <a href=\"https:\/\/www.sorainstyles.com\/boutique\/impressions-sous-couches-farrow-ball\/\">Mid Tones<\/a><\/p>\n<p>Blanc compl\u00e9mentaire : <a href=\"https:\/\/www.sorainstyles.com\/boutique\/produit\/shaded-white-201\/\" target=\"_blank\" rel=\"noopener\">Shaded White<\/a><\/p>\n<h3>Exemple d\u2019harmonie de couleurs avec la teinte Bancha \u2013 No.298<\/h3>\n<ul>\n<li>Old White No.4 &#8211; Lime White No.1<\/li>\n<li>Purbeck Stone No.275 &#8211; Ammonite No.274<\/li>\n<li>Railings No.31 &#8211; Sulking Room Pink No.295<\/li>\n<\/ul>\n<h3>Information produit<\/h3>\n<h4>A base d&rsquo;eau et sans danger pour les enfants<\/h4>\n<p>En 2010, Farrow &amp; Ball a \u00e9t\u00e9 les premiers du secteur \u00e0 passer \u00e0 une gamme de finitions \u00e9labor\u00e9es enti\u00e8rement \u00e0 base d\u2019eau. En effet, ces finitions \u00e0 faible teneur en COV et pratiquement sans odeur sont faciles \u00e0 nettoyer sans recourir \u00e0 des solvants nocifs.<\/p>\n<h4>Finitions de qualit\u00e9<\/h4>\n<p>Tout d&rsquo;abord, chacune de nos couleurs est disponible dans une gamme de finitions de peinture d\u2019int\u00e9rieur et d\u2019ext\u00e9rieur. Ensuite, chaque finition est test\u00e9e de mani\u00e8re rigoureuse pour garantir un fini durable et une profondeur de couleur exceptionnelle. Enfin, pour obtenir les meilleurs r\u00e9sultats, nous recommandons toujours d\u2019utiliser une Impression &amp; Sous-couche Farrow &amp; Ball &#8211; voir plus haut pour trouver la tonalit\u00e9 de couleur exacte pour cette peinture.<\/p>\n","protected":false},"excerpt":{"rendered":"<h3>Un vert olive rassurant<\/h3>\n<p>Ce vert moderne typique des ann\u00e9es 50 est id\u00e9al pour ceux qui pr\u00e9f\u00e8rent des couleurs fortes tout en diffusant une atmosph\u00e8re calme et apaisante. Pour une ambiance cocoon, il est int\u00e9ressant de l\u2019associer \u00e0 des bruns ou des roses doux.<\/p>\n<p>Sous-couche recommand\u00e9e : <a href=\"https:\/\/www.sorainstyles.com\/boutique\/categorie-produit\/appret-sous-couches\/mid-tones\/\" target=\"_blank\" rel=\"noopener\">Mid Tones<\/a><\/p>\n","protected":false},"featured_media":14202,"template":"","meta":{"_acf_changed":false,"_et_pb_use_builder":"off","_et_pb_old_content":"Ce vert tr\u00e8s moderne typique des ann\u00e9es 1950 est une version plus sombre de notre tr\u00e8s populaire teinte Olive, d\u00e9sormais archiv\u00e9e. Il porte le nom d\u2019une vari\u00e9t\u00e9 de feuilles de th\u00e9 japonais et procure un sentiment de s\u00e9curit\u00e9.\r\n\r\nPrimer &amp; Undercoat recommand\u00e9e: <a href=\"https:\/\/www.sorainstyles.com\/boutique\/categorie-produit\/appret-sous-couches\/dark-tones\/\" target=\"_blank\" rel=\"noopener\">Dark Tones<\/a>","_et_gb_content_width":""},"product_brand":[],"product_cat":[341,143,81,92],"product_tag":[988,986,987,406,371,415,366,362,350],"class_list":{"0":"post-3493","1":"product","2":"type-product","3":"status-publish","4":"has-post-thumbnail","6":"product_cat-fonce-luminosite","7":"product_cat-nuancier-actuel","8":"product_cat-peintures-de-finition","9":"product_cat-vert","10":"product_tag-988","11":"product_tag-bancha","12":"product_tag-bancha-298","13":"product_tag-couleur","14":"product_tag-farrow","15":"product_tag-farrow-ball","16":"product_tag-farrowball","17":"product_tag-peinture","18":"product_tag-vert","20":"first","21":"instock","22":"taxable","23":"shipping-taxable","24":"purchasable","25":"product-type-variable"},"acf":[],"_links":{"self":[{"href":"https:\/\/www.sorainstyles.com\/boutique\/wp-json\/wp\/v2\/product\/3493","targetHints":{"allow":["GET"]}}],"collection":[{"href":"https:\/\/www.sorainstyles.com\/boutique\/wp-json\/wp\/v2\/product"}],"about":[{"href":"https:\/\/www.sorainstyles.com\/boutique\/wp-json\/wp\/v2\/types\/product"}],"wp:featuredmedia":[{"embeddable":true,"href":"https:\/\/www.sorainstyles.com\/boutique\/wp-json\/wp\/v2\/media\/14202"}],"wp:attachment":[{"href":"https:\/\/www.sorainstyles.com\/boutique\/wp-json\/wp\/v2\/media?parent=3493"}],"wp:term":[{"taxonomy":"product_brand","embeddable":true,"href":"https:\/\/www.sorainstyles.com\/boutique\/wp-json\/wp\/v2\/product_brand?post=3493"},{"taxonomy":"product_cat","embeddable":true,"href":"https:\/\/www.sorainstyles.com\/boutique\/wp-json\/wp\/v2\/product_cat?post=3493"},{"taxonomy":"product_tag","embeddable":true,"href":"https:\/\/www.sorainstyles.com\/boutique\/wp-json\/wp\/v2\/product_tag?post=3493"}],"curies":[{"name":"wp","href":"https:\/\/api.w.org\/{rel}","templated":true}]}}