{"id":3478,"date":"2021-12-07T20:07:35","date_gmt":"2021-12-07T19:07:35","guid":{"rendered":"https:\/\/www.sorainstyles.com\/boutique\/produit\/jitney-293\/"},"modified":"2025-10-04T11:26:48","modified_gmt":"2025-10-04T09:26:48","slug":"jitney-293","status":"publish","type":"product","link":"https:\/\/www.sorainstyles.com\/boutique\/produit\/jitney-293\/","title":{"rendered":"Jitney 293"},"content":{"rendered":"<h1>Jitney &#8211; No.293 de chez Farrow &amp; Ball<\/h1>\n<h2>Un neutre brun apaisant<\/h2>\n<p>Cette couleur terreuse se situe entre Stirabout et London Stone. Bien qu\u2019elle soit discr\u00e8te, la teinte No.293 &#8211; Jitney est particuli\u00e8rement revivifiante. Cette couleur nous rappelle les journ\u00e9es pass\u00e9es \u00e0 l\u00e9zarder au bord de la mer. C\u2019est pour cela qu\u2019elle porte le m\u00eame nom que le bus emmenant les <a href=\"https:\/\/www.cotemaison.fr\/on-aime\/deco-new-york-deco-chambre-style-new-yorkais-appartement-a-nyc_22519.html\" target=\"_blank\" rel=\"noopener\">New Yorkais<\/a> loin de la chaleur de la ville, vers les plages des Hamptons au sable de cette couleur.<\/p>\n<p>Primer &amp; Undercoat recommand\u00e9e: <a href=\"https:\/\/www.sorainstyles.com\/boutique\/categorie-produit\/appret-sous-couches\/mid-tones\/\" target=\"_blank\" rel=\"noopener\">Dark Tones<\/a><\/p>\n<p>Blanc compl\u00e9mentaire : <a href=\"https:\/\/www.sorainstyles.com\/boutique\/produit\/dimity-2008\/\" target=\"_blank\" rel=\"noopener\">Dimity<\/a><\/p>\n<h3>Exemple d\u2019harmonie de couleurs avec la teinte Jitney \u2013 No.293<\/h3>\n<ul>\n<li>Stirabout No.300 &#8211; Tallow No.203<\/li>\n<li>Brassica No.271 &#8211; Calluna No.270<\/li>\n<li>Dead Salmon No.28. &#8211; Jitney No.293<\/li>\n<\/ul>\n<h3>Information produit<\/h3>\n<h4>A base d&rsquo;eau et sans danger pour les enfants<\/h4>\n<p>En 2010, Farrow &amp; Ball a \u00e9t\u00e9 les premiers du secteur \u00e0 passer \u00e0 une gamme de finitions \u00e9labor\u00e9es enti\u00e8rement \u00e0 base d\u2019eau. En effet, ces finitions \u00e0 faible teneur en COV et pratiquement sans odeur sont faciles \u00e0 nettoyer sans recourir \u00e0 des solvants nocifs.<\/p>\n<h4>Finitions de qualit\u00e9<\/h4>\n<p>Tout d&rsquo;abord, chacune de nos couleurs est disponible dans une gamme de finitions de peinture d\u2019int\u00e9rieur et d\u2019ext\u00e9rieur. Ensuite, chaque finition est test\u00e9e de mani\u00e8re rigoureuse pour garantir un fini durable et une profondeur de couleur exceptionnelle. Enfin, pour obtenir les meilleurs r\u00e9sultats, nous recommandons toujours d\u2019utiliser une Impression &amp; Sous-couche Farrow &amp; Ball &#8211; voir plus haut pour trouver la tonalit\u00e9 de couleur exacte pour cette peinture.<\/p>\n","protected":false},"excerpt":{"rendered":"<h2>Un neutre brun apaisant<\/h2>\n<p>Cette teinte sourde et argileuse, \u00e9voque les tonalit\u00e9s du sable et les jours de farniente en bord de mer.<\/p>\n<p>Sous-couche recommand\u00e9e : <a href=\"https:\/\/www.sorainstyles.com\/boutique\/categorie-produit\/appret-sous-couches\/dark-tones\/\" target=\"_blank\" rel=\"noopener\">Dark Tones<\/a><\/p>\n","protected":false},"featured_media":14290,"template":"","meta":{"_acf_changed":false,"_et_pb_use_builder":"","_et_pb_old_content":"","_et_gb_content_width":""},"product_brand":[],"product_cat":[98,329,143,81],"product_tag":[979,406,371,415,366,977,978,362],"class_list":{"0":"post-3478","1":"product","2":"type-product","3":"status-publish","4":"has-post-thumbnail","6":"product_cat-moyen","7":"product_cat-neutre","8":"product_cat-nuancier-actuel","9":"product_cat-peintures-de-finition","10":"product_tag-979","11":"product_tag-couleur","12":"product_tag-farrow","13":"product_tag-farrow-ball","14":"product_tag-farrowball","15":"product_tag-jitney","16":"product_tag-jitney-293","17":"product_tag-peinture","19":"first","20":"instock","21":"taxable","22":"shipping-taxable","23":"purchasable","24":"product-type-variable"},"acf":[],"_links":{"self":[{"href":"https:\/\/www.sorainstyles.com\/boutique\/wp-json\/wp\/v2\/product\/3478","targetHints":{"allow":["GET"]}}],"collection":[{"href":"https:\/\/www.sorainstyles.com\/boutique\/wp-json\/wp\/v2\/product"}],"about":[{"href":"https:\/\/www.sorainstyles.com\/boutique\/wp-json\/wp\/v2\/types\/product"}],"wp:featuredmedia":[{"embeddable":true,"href":"https:\/\/www.sorainstyles.com\/boutique\/wp-json\/wp\/v2\/media\/14290"}],"wp:attachment":[{"href":"https:\/\/www.sorainstyles.com\/boutique\/wp-json\/wp\/v2\/media?parent=3478"}],"wp:term":[{"taxonomy":"product_brand","embeddable":true,"href":"https:\/\/www.sorainstyles.com\/boutique\/wp-json\/wp\/v2\/product_brand?post=3478"},{"taxonomy":"product_cat","embeddable":true,"href":"https:\/\/www.sorainstyles.com\/boutique\/wp-json\/wp\/v2\/product_cat?post=3478"},{"taxonomy":"product_tag","embeddable":true,"href":"https:\/\/www.sorainstyles.com\/boutique\/wp-json\/wp\/v2\/product_tag?post=3478"}],"curies":[{"name":"wp","href":"https:\/\/api.w.org\/{rel}","templated":true}]}}