{"id":3448,"date":"2021-12-07T20:07:09","date_gmt":"2021-12-07T19:07:09","guid":{"rendered":"https:\/\/www.sorainstyles.com\/boutique\/produit\/drop-cloth-283\/"},"modified":"2026-01-29T14:01:38","modified_gmt":"2026-01-29T13:01:38","slug":"drop-cloth-283","status":"publish","type":"product","link":"https:\/\/www.sorainstyles.com\/boutique\/produit\/drop-cloth-283\/","title":{"rendered":"Drop Cloth 283"},"content":{"rendered":"<h1>Drop Cloth &#8211; No.283 de chez Farrow &amp; Ball<\/h1>\n<h2>Un beige gris moyen d\u00e9licat<\/h2>\n<p>Ni trop jaune, ni trop gris, la teinte No.283 &#8211; Drop Cloth est le nom traditionnel de la b\u00e2che indispensable au peintre que cette couleur discr\u00e8te incarne. Clin d\u2019\u0153il \u00e0 nos peintres et <a href=\"https:\/\/www.cotemaison.fr\/plan-interieur\/architecte-d-interieur-dplg-decorateur-les-meilleurs-de-cote-maison-projets_24082.html\" target=\"_blank\" rel=\"noopener\">d\u00e9corateurs<\/a> d\u2019int\u00e9rieur, cette couleur entre gris et beige est le contraste parfait avec les teintes plus l\u00e9g\u00e8res du groupe des Neutres Intemporels, et permet de cr\u00e9er une famille de couleurs qui s\u2019adapte avec simplicit\u00e9 aux int\u00e9rieurs modernes et traditionnels, peu importe leur taille.<\/p>\n<p>Primer &amp; Undercoat recommand\u00e9e: <a href=\"https:\/\/www.sorainstyles.com\/boutique\/categorie-produit\/appret-sous-couches\/mid-tones\/\" target=\"_blank\" rel=\"noopener\">Mid Tones<\/a><\/p>\n<p>Blanc compl\u00e9mentaire :\u00a0<a href=\"https:\/\/www.sorainstyles.com\/boutique\/produit\/school-house-white-291\/\" target=\"_blank\" rel=\"noopener\">School House White<\/a><\/p>\n<h3>5 exemples d\u2019harmonies de couleurs avec la teinte Drop Cloth \u2013 No.283<\/h3>\n<ul>\n<li>Shaded White No.201 &#8211; Shadow White No.282<\/li>\n<li>Light Gray No.17 &#8211; Blue Gray No.91<\/li>\n<li>Lichen No.19 &#8211; Vert de Terre No.234<\/li>\n<li>Railings No.31 &#8211; Babouche No.223<\/li>\n<li>School House White No.291 &#8211; Mizzle No.266<\/li>\n<\/ul>\n<h3>Information produit<\/h3>\n<h4>A base d&rsquo;eau et sans danger pour les enfants<\/h4>\n<p>En 2010, Farrow &amp; Ball a \u00e9t\u00e9 les premiers du secteur \u00e0 passer \u00e0 une gamme de finitions \u00e9labor\u00e9es enti\u00e8rement \u00e0 base d\u2019eau. Ces finitions \u00e0 faible teneur en COV et pratiquement sans odeur sont faciles \u00e0 nettoyer sans recourir \u00e0 des solvants nocifs.<\/p>\n<h4>Finitions de qualit\u00e9<\/h4>\n<p>Chacune de nos couleurs est disponible dans une gamme de finitions de peinture d\u2019int\u00e9rieur et d\u2019ext\u00e9rieur. Chaque finition est test\u00e9e de mani\u00e8re rigoureuse pour garantir un fini durable et une profondeur de couleur exceptionnelle. Pour obtenir les meilleurs r\u00e9sultats, nous recommandons toujours d\u2019utiliser une Impression &amp; Sous-couche Farrow &amp; Ball &#8211; voir plus haut pour trouver la tonalit\u00e9 de couleur exacte pour cette peinture.<\/p>\n","protected":false},"excerpt":{"rendered":"<h3>Un beige gris moyen d\u00e9licat<\/h3>\n<p>Drop Cloth est un beige gris moyen ni trop jaune, ni trop gris. Cette couleur s&rsquo;accorde naturellement dans les int\u00e9rieurs modernes ou traditionnels, petits ou grands.<\/p>\n<p>Sous-couche recommand\u00e9e : <a href=\"https:\/\/www.sorainstyles.com\/boutique\/categorie-produit\/appret-sous-couches\/mid-tones\/\" target=\"_blank\" rel=\"noopener\">Mid Tones<\/a><\/p>\n","protected":false},"featured_media":14302,"template":"","meta":{"_acf_changed":false,"_et_pb_use_builder":"","_et_pb_old_content":"","_et_gb_content_width":""},"product_brand":[],"product_cat":[98,329,143,81],"product_tag":[498,406,497,371,366,362],"class_list":{"0":"post-3448","1":"product","2":"type-product","3":"status-publish","4":"has-post-thumbnail","6":"product_cat-moyen","7":"product_cat-neutre","8":"product_cat-nuancier-actuel","9":"product_cat-peintures-de-finition","10":"product_tag-498","11":"product_tag-couleur","12":"product_tag-drop-cloth","13":"product_tag-farrow","14":"product_tag-farrowball","15":"product_tag-peinture","17":"first","18":"instock","19":"taxable","20":"shipping-taxable","21":"purchasable","22":"product-type-variable"},"acf":[],"_links":{"self":[{"href":"https:\/\/www.sorainstyles.com\/boutique\/wp-json\/wp\/v2\/product\/3448","targetHints":{"allow":["GET"]}}],"collection":[{"href":"https:\/\/www.sorainstyles.com\/boutique\/wp-json\/wp\/v2\/product"}],"about":[{"href":"https:\/\/www.sorainstyles.com\/boutique\/wp-json\/wp\/v2\/types\/product"}],"wp:featuredmedia":[{"embeddable":true,"href":"https:\/\/www.sorainstyles.com\/boutique\/wp-json\/wp\/v2\/media\/14302"}],"wp:attachment":[{"href":"https:\/\/www.sorainstyles.com\/boutique\/wp-json\/wp\/v2\/media?parent=3448"}],"wp:term":[{"taxonomy":"product_brand","embeddable":true,"href":"https:\/\/www.sorainstyles.com\/boutique\/wp-json\/wp\/v2\/product_brand?post=3448"},{"taxonomy":"product_cat","embeddable":true,"href":"https:\/\/www.sorainstyles.com\/boutique\/wp-json\/wp\/v2\/product_cat?post=3448"},{"taxonomy":"product_tag","embeddable":true,"href":"https:\/\/www.sorainstyles.com\/boutique\/wp-json\/wp\/v2\/product_tag?post=3448"}],"curies":[{"name":"wp","href":"https:\/\/api.w.org\/{rel}","templated":true}]}}