{"id":3423,"date":"2021-12-07T20:06:33","date_gmt":"2021-12-07T19:06:33","guid":{"rendered":"https:\/\/www.sorainstyles.com\/boutique\/produit\/purbeck-stone-275\/"},"modified":"2025-10-04T11:53:14","modified_gmt":"2025-10-04T09:53:14","slug":"purbeck-stone-275","status":"publish","type":"product","link":"https:\/\/www.sorainstyles.com\/boutique\/produit\/purbeck-stone-275\/","title":{"rendered":"Purbeck Stone 275"},"content":{"rendered":"<h1>Purbeck Stone &#8211; No.275 de chez Farrow &amp; Ball<\/h1>\n<h2>Un gris de pierre tr\u00e8s sobre<\/h2>\n<p>La teinte No.275 &#8211; Purbeck Stone est un <a href=\"https:\/\/www.cotemaison.fr\/salle-a-manger-salon\/diaporama\/couleurs-salon-vous-allez-aimer-le-gris-dans-votre-salon_14737.html\" target=\"_blank\" rel=\"noopener\">gris<\/a> moyen pur et tr\u00e8s sobre semblable \u00e0 la couleur de la pierre qu\u2019on trouve sur l\u2019\u00eele de Purbeck, pr\u00e8s de chez nous dans le Dorset. Purbeck Stone est le plus intense de nos Neutres Faciles \u00c0 Vivre, il s&rsquo;int\u00e8gre avec bonheur \u00e0 un d\u00e9cor apaisant aux c\u00f4t\u00e9s de Cornforth White, Wevet et Ammonite dans tous les styles d\u2019int\u00e9rieur : anciens comme modernes.<\/p>\n<p>Primer &amp; Undercoat recommand\u00e9e: <a href=\"https:\/\/www.sorainstyles.com\/boutique\/categorie-produit\/appret-sous-couches\/mid-tones\/\" target=\"_blank\" rel=\"noopener\">Mid Tones<\/a><\/p>\n<p>Blanc compl\u00e9mentaire : <a href=\"https:\/\/www.sorainstyles.com\/boutique\/produit\/wevet-273\/\">Wevet<\/a><\/p>\n<h3>4 exemples d&rsquo;harmonies de couleurs avec la teinte Purbeck Stone &#8211; No.275<\/h3>\n<ul>\n<li>Strong White No.2001 &#8211; Wevet No.273<\/li>\n<li>Ammonite No.274 &#8211; Cornforth White No.228<\/li>\n<li>Stiffkey Blue No.281 &#8211; Mole&rsquo;s Breath No.276<\/li>\n<li>Oval Room Blue No.85 &#8211; Railings No.31<\/li>\n<\/ul>\n<h3>Information produit<\/h3>\n<h4>A base d&rsquo;eau et sans danger pour les enfants<\/h4>\n<p>En 2010, Farrow &amp; Ball a \u00e9t\u00e9 les premiers du secteur \u00e0 passer \u00e0 une gamme de finitions \u00e9labor\u00e9es enti\u00e8rement \u00e0 base d\u2019eau. En effet, ces finitions \u00e0 faible teneur en COV et pratiquement sans odeur sont faciles \u00e0 nettoyer sans recourir \u00e0 des solvants nocifs.<\/p>\n<h4>Finitions de qualit\u00e9<\/h4>\n<p>Tout d&rsquo;abord, chacune de nos couleurs est disponible dans une gamme de finitions de peinture d\u2019int\u00e9rieur et d\u2019ext\u00e9rieur. Ensuite, chaque finition est test\u00e9e de mani\u00e8re rigoureuse pour garantir un fini durable et une profondeur de couleur exceptionnelle. Enfin, pour obtenir les meilleurs r\u00e9sultats, nous recommandons toujours d\u2019utiliser une Impression &amp; Sous-couche Farrow &amp; Ball &#8211; voir plus haut pour trouver la tonalit\u00e9 de couleur exacte pour cette peinture.<\/p>\n","protected":false},"excerpt":{"rendered":"<h3>Un gris de pierre tr\u00e8s sobre<\/h3>\n<p>Purbeck Stone est un gris moyen pur et sobre inspir\u00e9 par la pierre de l&rsquo;\u00eele de Purbeck. C\u2019est une couleur tr\u00e8s apaisante dans tous les styles d\u2019int\u00e9rieur.<\/p>\n<p>Sous-couche recommand\u00e9e : <a href=\"https:\/\/www.sorainstyles.com\/boutique\/categorie-produit\/appret-sous-couches\/mid-tones\/\" target=\"_blank\" rel=\"noopener\">Mid Tones<\/a><\/p>\n","protected":false},"featured_media":14311,"template":"","meta":{"_acf_changed":false,"_et_pb_use_builder":"","_et_pb_old_content":"","_et_gb_content_width":""},"product_brand":[],"product_cat":[98,329,143,81],"product_tag":[513,406,371,366,362,512],"class_list":{"0":"post-3423","1":"product","2":"type-product","3":"status-publish","4":"has-post-thumbnail","6":"product_cat-moyen","7":"product_cat-neutre","8":"product_cat-nuancier-actuel","9":"product_cat-peintures-de-finition","10":"product_tag-513","11":"product_tag-couleur","12":"product_tag-farrow","13":"product_tag-farrowball","14":"product_tag-peinture","15":"product_tag-purbeck-stone","17":"first","18":"instock","19":"taxable","20":"shipping-taxable","21":"purchasable","22":"product-type-variable"},"acf":[],"_links":{"self":[{"href":"https:\/\/www.sorainstyles.com\/boutique\/wp-json\/wp\/v2\/product\/3423","targetHints":{"allow":["GET"]}}],"collection":[{"href":"https:\/\/www.sorainstyles.com\/boutique\/wp-json\/wp\/v2\/product"}],"about":[{"href":"https:\/\/www.sorainstyles.com\/boutique\/wp-json\/wp\/v2\/types\/product"}],"wp:featuredmedia":[{"embeddable":true,"href":"https:\/\/www.sorainstyles.com\/boutique\/wp-json\/wp\/v2\/media\/14311"}],"wp:attachment":[{"href":"https:\/\/www.sorainstyles.com\/boutique\/wp-json\/wp\/v2\/media?parent=3423"}],"wp:term":[{"taxonomy":"product_brand","embeddable":true,"href":"https:\/\/www.sorainstyles.com\/boutique\/wp-json\/wp\/v2\/product_brand?post=3423"},{"taxonomy":"product_cat","embeddable":true,"href":"https:\/\/www.sorainstyles.com\/boutique\/wp-json\/wp\/v2\/product_cat?post=3423"},{"taxonomy":"product_tag","embeddable":true,"href":"https:\/\/www.sorainstyles.com\/boutique\/wp-json\/wp\/v2\/product_tag?post=3423"}],"curies":[{"name":"wp","href":"https:\/\/api.w.org\/{rel}","templated":true}]}}