{"id":3387,"date":"2021-12-07T20:06:01","date_gmt":"2021-12-07T19:06:01","guid":{"rendered":"https:\/\/www.sorainstyles.com\/boutique\/produit\/pitch-black-256\/"},"modified":"2026-01-29T10:23:52","modified_gmt":"2026-01-29T09:23:52","slug":"pitch-black-256","status":"publish","type":"product","link":"https:\/\/www.sorainstyles.com\/boutique\/produit\/pitch-black-256\/","title":{"rendered":"Pitch Black 256"},"content":{"rendered":"<h1>Pitch Black No.256 de chez Farrow &amp; Ball<\/h1>\n<h2>Un noir v\u00e9ritable<\/h2>\n<p>La teinte No.256 &#8211; Pitch Black est le plus pur de tous les <a href=\"https:\/\/blogs.cotemaison.fr\/blog-maison\/2013\/01\/01\/tendance-noir-blanc-dans-la-deco\/\" target=\"_blank\" rel=\"noopener\">noirs<\/a>, c\u2019est une couleur simple et intense quelle que soit la luminosit\u00e9. Inspir\u00e9 de la couleur du r\u00e9sidu collant fonc\u00e9 du goudron de houille souvent utilis\u00e9 dans les toitures, ce vrai noir poss\u00e8de une profondeur incomparable qui le fait presque ressembler \u00e0 du velours. Comme avec All White \u00e0 l\u2019autre extr\u00e9mit\u00e9 de notre nuancier, il est facile \u00e0 int\u00e9grer.<\/p>\n<p>Primer &amp; Undercoat recommand\u00e9e: <a href=\"https:\/\/www.sorainstyles.com\/boutique\/categorie-produit\/appret-sous-couches\/dark-tones\/\" target=\"_blank\" rel=\"noopener\">Dark Tones<\/a><\/p>\n<p>Blanc compl\u00e9mentaire : <a href=\"https:\/\/www.sorainstyles.com\/boutique\/produit\/dimpse-277\/\" target=\"_blank\" rel=\"noopener\">Dimpse<\/a><\/p>\n<h3>5 exemples d&rsquo;harmonies de couleurs avec la teinte Pitch Black &#8211; No.256<\/h3>\n<ul>\n<li>Wevet No.273 &#8211; Ammonite No.274<\/li>\n<li>Cornforth White No.228 &#8211; Purbeck Stone No.275<\/li>\n<li>Mole&rsquo;s Breath No.276 &#8211; Pigeon No.25<\/li>\n<li>Pink Ground No.202 &#8211; Templeton Pink No.303<\/li>\n<li>Bamboozle No.304 &#8211; Stone Blue No.86<\/li>\n<\/ul>\n<h3>Information produit<\/h3>\n<h4>A base d&rsquo;eau et sans danger pour les enfants<\/h4>\n<p>En 2010, Farrow &amp; Ball a \u00e9t\u00e9 les premiers du secteur \u00e0 passer \u00e0 une gamme de finitions \u00e9labor\u00e9es enti\u00e8rement \u00e0 base d\u2019eau. En effet, ces finitions \u00e0 faible teneur en COV et pratiquement sans odeur sont faciles \u00e0 nettoyer sans recourir \u00e0 des solvants nocifs.<\/p>\n<h4>Finitions de qualit\u00e9<\/h4>\n<p>Tout d&rsquo;abord, chacune de nos couleurs est disponible dans une gamme de finitions de peinture d\u2019int\u00e9rieur et d\u2019ext\u00e9rieur. Ensuite, chaque finition est test\u00e9e de mani\u00e8re rigoureuse pour garantir un fini durable et une profondeur de couleur exceptionnelle. Enfin, pour obtenir les meilleurs r\u00e9sultats, nous recommandons toujours d\u2019utiliser une Impression &amp; Sous-couche Farrow &amp; Ball &#8211; voir plus haut pour trouver la tonalit\u00e9 de couleur exacte pour cette peinture.<\/p>\n","protected":false},"excerpt":{"rendered":"<h3>Un noir v\u00e9ritable<\/h3>\n<p>Pitch Black est un noir pur et intense offrant une profondeur velout\u00e9e qui s&rsquo;int\u00e8gre facilement dans divers d\u00e9cors, que ce soit pour la ferronnerie, les boiseries, ou m\u00eame les murs pour une touche audacieuse.<\/p>\n<p>Sous-couche recommand\u00e9e : <a href=\"https:\/\/www.sorainstyles.com\/boutique\/categorie-produit\/appret-sous-couches\/dark-tones\/\" target=\"_blank\" rel=\"noopener\">Dark Tones<\/a><\/p>\n","protected":false},"featured_media":14333,"template":"","meta":{"_acf_changed":false,"_et_pb_use_builder":"","_et_pb_old_content":"","_et_gb_content_width":""},"product_brand":[],"product_cat":[341,96,143,81],"product_tag":[533,406,371,366,362,532],"class_list":{"0":"post-3387","1":"product","2":"type-product","3":"status-publish","4":"has-post-thumbnail","6":"product_cat-fonce-luminosite","7":"product_cat-fonce","8":"product_cat-nuancier-actuel","9":"product_cat-peintures-de-finition","10":"product_tag-533","11":"product_tag-couleur","12":"product_tag-farrow","13":"product_tag-farrowball","14":"product_tag-peinture","15":"product_tag-pitch-black","17":"first","18":"instock","19":"taxable","20":"shipping-taxable","21":"purchasable","22":"product-type-variable"},"acf":[],"_links":{"self":[{"href":"https:\/\/www.sorainstyles.com\/boutique\/wp-json\/wp\/v2\/product\/3387","targetHints":{"allow":["GET"]}}],"collection":[{"href":"https:\/\/www.sorainstyles.com\/boutique\/wp-json\/wp\/v2\/product"}],"about":[{"href":"https:\/\/www.sorainstyles.com\/boutique\/wp-json\/wp\/v2\/types\/product"}],"wp:featuredmedia":[{"embeddable":true,"href":"https:\/\/www.sorainstyles.com\/boutique\/wp-json\/wp\/v2\/media\/14333"}],"wp:attachment":[{"href":"https:\/\/www.sorainstyles.com\/boutique\/wp-json\/wp\/v2\/media?parent=3387"}],"wp:term":[{"taxonomy":"product_brand","embeddable":true,"href":"https:\/\/www.sorainstyles.com\/boutique\/wp-json\/wp\/v2\/product_brand?post=3387"},{"taxonomy":"product_cat","embeddable":true,"href":"https:\/\/www.sorainstyles.com\/boutique\/wp-json\/wp\/v2\/product_cat?post=3387"},{"taxonomy":"product_tag","embeddable":true,"href":"https:\/\/www.sorainstyles.com\/boutique\/wp-json\/wp\/v2\/product_tag?post=3387"}],"curies":[{"name":"wp","href":"https:\/\/api.w.org\/{rel}","templated":true}]}}