{"id":3363,"date":"2021-12-07T20:05:30","date_gmt":"2021-12-07T19:05:30","guid":{"rendered":"https:\/\/www.sorainstyles.com\/boutique\/produit\/incarnadine-248\/"},"modified":"2025-10-15T11:02:40","modified_gmt":"2025-10-15T09:02:40","slug":"incarnadine-248","status":"publish","type":"product","link":"https:\/\/www.sorainstyles.com\/boutique\/produit\/incarnadine-248\/","title":{"rendered":"Incarnadine 248"},"content":{"rendered":"<h2>Un rouge cramoisi classique<\/h2>\n<p>Rouge somptueux, la teinte No.248 &#8211; Incarnadine poss\u00e8de un nom d\u2019origine latine. N\u00e9anmoins, cela reste de nos jours un terme tr\u00e8s utilis\u00e9 pour d\u00e9crire les tons pourpres. Inspir\u00e9 par la peinture brillante d\u2019un <a href=\"https:\/\/blogs.cotemaison.fr\/moltodeco\/2017\/11\/27\/en-rouge-et-noir\/\" target=\"_blank\" rel=\"noopener\">rouge<\/a> profond qu\u2019avait utilis\u00e9 David Hicks \u00e0 Barons Court dans les ann\u00e9es 70, Incarnadine est une couleur r\u00e9solument classique et s\u00e9duisante. Elle peut \u00eatre utilis\u00e9e pour cr\u00e9er un effet majestueux dans les halls d\u2019entr\u00e9e lorsqu\u2019elle est mise en contraste avec Tanner\u2019s Brown sur les boiseries, ou r\u00e9v\u00e9ler son c\u00f4t\u00e9 plus moderne et graphique quand on l\u2019associe \u00e0 All White.<\/p>\n<p>Primer &amp; Undercoat recommand\u00e9e: <a href=\"https:\/\/www.sorainstyles.com\/boutique\/categorie-produit\/appret-sous-couches\/red-and-warm-tones\/\" target=\"_blank\" rel=\"noopener\">Red and Warm Tones<\/a><\/p>\n<p>Blanc compl\u00e9mentaire : <a href=\"https:\/\/www.sorainstyles.com\/boutique\/produit\/dimity-2008\/\" target=\"_blank\" rel=\"noopener\">Dimity<\/a><\/p>\n<h3>5 exemples d&rsquo;harmonies de couleurs avec la teinte Incarnadine &#8211; No.248<\/h3>\n<ul>\n<li>Drawing Room Blue No.253 &#8211; Pitch Black No.256<\/li>\n<li>All White No.2005 &#8211; Blackened No.2011<\/li>\n<li>Borrowed Light No.235 &#8211; Pavilion Gray No.242<\/li>\n<li>Dimpse No.277 &#8211; Pavilion Gray No.242<\/li>\n<li>Wine Dark No.308 &#8211; Kittiwake No.307<\/li>\n<\/ul>\n<h3>Information produit<\/h3>\n<h4>A base d&rsquo;eau et sans danger pour les enfants<\/h4>\n<p>En 2010, Farrow &amp; Ball a \u00e9t\u00e9 les premiers du secteur \u00e0 passer \u00e0 une gamme de finitions \u00e9labor\u00e9es enti\u00e8rement \u00e0 base d\u2019eau. En effet, ces finitions \u00e0 faible teneur en COV et pratiquement sans odeur sont faciles \u00e0 nettoyer sans recourir \u00e0 des solvants nocifs.<\/p>\n<h4>Finitions de qualit\u00e9<\/h4>\n<p>Tout d&rsquo;abord, chacune de nos couleurs est disponible dans une gamme de finitions de peinture d\u2019int\u00e9rieur et d\u2019ext\u00e9rieur. Ensuite, chaque finition est test\u00e9e de mani\u00e8re rigoureuse pour garantir un fini durable et une profondeur de couleur exceptionnelle. Enfin, pour obtenir les meilleurs r\u00e9sultats, nous recommandons toujours d\u2019utiliser une Impression &amp; Sous-couche Farrow &amp; Ball &#8211; voir plus haut pour trouver la tonalit\u00e9 de couleur exacte pour cette peinture.<\/p>\n","protected":false},"excerpt":{"rendered":"<h3>Un rouge cramoisi classique<\/h3>\n<p>Incarnadine, un rouge pourpre classique inspir\u00e9 offre une \u00e9l\u00e9gance majestueuse dans n\u2019importe quel int\u00e9rieur ou un contraste moderne lorsqu&rsquo;il est associ\u00e9 \u00e0 du blanc \u00e9clatant.<\/p>\n<p>Sous-couche recommand\u00e9e : <a href=\"https:\/\/www.sorainstyles.com\/boutique\/categorie-produit\/appret-sous-couches\/red-and-warm-tones\/\" target=\"_blank\" rel=\"noopener\">Red and Warm Tones<\/a><\/p>\n","protected":false},"featured_media":14239,"template":"","meta":{"_acf_changed":false,"_et_pb_use_builder":"","_et_pb_old_content":"","_et_gb_content_width":""},"product_brand":[],"product_cat":[341,143,81,110],"product_tag":[551,406,371,415,366,550,976,362,351],"class_list":{"0":"post-3363","1":"product","2":"type-product","3":"status-publish","4":"has-post-thumbnail","6":"product_cat-fonce-luminosite","7":"product_cat-nuancier-actuel","8":"product_cat-peintures-de-finition","9":"product_cat-rouge","10":"product_tag-551","11":"product_tag-couleur","12":"product_tag-farrow","13":"product_tag-farrow-ball","14":"product_tag-farrowball","15":"product_tag-incarnadine","16":"product_tag-incarnadine-248","17":"product_tag-peinture","18":"product_tag-rouge","20":"first","21":"instock","22":"taxable","23":"shipping-taxable","24":"purchasable","25":"product-type-variable"},"acf":[],"_links":{"self":[{"href":"https:\/\/www.sorainstyles.com\/boutique\/wp-json\/wp\/v2\/product\/3363","targetHints":{"allow":["GET"]}}],"collection":[{"href":"https:\/\/www.sorainstyles.com\/boutique\/wp-json\/wp\/v2\/product"}],"about":[{"href":"https:\/\/www.sorainstyles.com\/boutique\/wp-json\/wp\/v2\/types\/product"}],"wp:featuredmedia":[{"embeddable":true,"href":"https:\/\/www.sorainstyles.com\/boutique\/wp-json\/wp\/v2\/media\/14239"}],"wp:attachment":[{"href":"https:\/\/www.sorainstyles.com\/boutique\/wp-json\/wp\/v2\/media?parent=3363"}],"wp:term":[{"taxonomy":"product_brand","embeddable":true,"href":"https:\/\/www.sorainstyles.com\/boutique\/wp-json\/wp\/v2\/product_brand?post=3363"},{"taxonomy":"product_cat","embeddable":true,"href":"https:\/\/www.sorainstyles.com\/boutique\/wp-json\/wp\/v2\/product_cat?post=3363"},{"taxonomy":"product_tag","embeddable":true,"href":"https:\/\/www.sorainstyles.com\/boutique\/wp-json\/wp\/v2\/product_tag?post=3363"}],"curies":[{"name":"wp","href":"https:\/\/api.w.org\/{rel}","templated":true}]}}