{"id":3266,"date":"2021-12-07T19:55:37","date_gmt":"2021-12-07T18:55:37","guid":{"rendered":"https:\/\/www.sorainstyles.com\/boutique\/produit\/brinjal-222\/"},"modified":"2025-10-03T11:28:12","modified_gmt":"2025-10-03T09:28:12","slug":"brinjal-222","status":"publish","type":"product","link":"https:\/\/www.sorainstyles.com\/boutique\/produit\/brinjal-222\/","title":{"rendered":"Brinjal 222"},"content":{"rendered":"<h1 class=\"product-hero__title\">Brinjal &#8211; No. 222 de chez Farrow &amp; Ball<\/h1>\n<h2>Un ton aubergine sophistiqu\u00e9<\/h2>\n<p>C&rsquo;est une couleur qui est plus souvent utilis\u00e9e comme mur d&rsquo;accent avec <a href=\"https:\/\/www.farrow-ball.com\/fr\/couleurs\/skimming-stone\" target=\"_blank\" rel=\"noopener\">Skimming Stone<\/a>, son blanc compl\u00e9mentaire, ou comme touche de couleur sur le dessous d\u2019une baignoire ou d\u2019un \u00eelot de cuisine.<\/p>\n<p>Primer &amp; Undercoat recommand\u00e9e: <a href=\"https:\/\/www.sorainstyles.com\/boutique\/categorie-produit\/appret-sous-couches\/red-and-warm-tones\/\" target=\"_blank\" rel=\"noopener\">Red and Warm Tones<\/a><\/p>\n<p>Blanc compl\u00e9mentaire :\u00a0<a href=\"https:\/\/www.sorainstyles.com\/boutique\/produit\/skimming-stone-241\/\" target=\"_blank\" rel=\"noopener\">Skimming Stone<\/a><\/p>\n<h3>4 exemples d\u2019harmonies de couleurs avec la teinte Brinjal \u2013 No.222<\/h3>\n<ul>\n<li>All White No.2005 &#8211; Strong White No.2001<\/li>\n<li>Elephant&rsquo;s Breath No.229 &#8211; Skimming Stone No.241<\/li>\n<li>Charleston Gray No.243 &#8211; Dove Tale No.267<\/li>\n<li>Pink Ground No.202 &#8211; Kittiwake No.307<\/li>\n<\/ul>\n<h3>Information produit<\/h3>\n<h4>A base d\u2019eau et sans danger pour les enfants<\/h4>\n<p>En 2010, Farrow &amp; Ball a \u00e9t\u00e9 les premiers du secteur \u00e0 passer \u00e0 une gamme de finitions \u00e9labor\u00e9es enti\u00e8rement \u00e0 base d\u2019eau. En effet, ces finitions \u00e0 faible teneur en COV et pratiquement sans odeur sont faciles \u00e0 nettoyer sans recourir \u00e0 des solvants nocifs.<\/p>\n<h4>Finitions de qualit\u00e9<\/h4>\n<p>Tout d\u2019abord, chacune de nos couleurs est disponible dans une gamme de finitions de peinture d\u2019int\u00e9rieur et d\u2019ext\u00e9rieur. Ensuite, chaque finition est test\u00e9e de mani\u00e8re rigoureuse pour garantir un fini durable et une profondeur de couleur exceptionnelle. Enfin, pour obtenir les meilleurs r\u00e9sultats, nous recommandons toujours d\u2019utiliser une Impression &amp; Sous-couche Farrow &amp; Ball \u2013 voir plus haut pour trouver la tonalit\u00e9 de couleur exacte pour cette peinture.<\/p>\n","protected":false},"excerpt":{"rendered":"<h3>Un ton aubergine sophistiqu\u00e9<\/h3>\n<p>Brinjal est inspir\u00e9 de la belle peau brillante et fonc\u00e9e de l\u2019aubergine. Cette couleur cr\u00e9e un d\u00e9cor chaleureux et sophistiqu\u00e9 dans n\u2019importe quel int\u00e9rieur.<\/p>\n<p>Sous-couche recommand\u00e9e : <a href=\"https:\/\/www.sorainstyles.com\/boutique\/categorie-produit\/appret-sous-couches\/red-and-warm-tones\/\" target=\"_blank\" rel=\"noopener\">Red and Warm Tones<\/a><\/p>\n","protected":false},"featured_media":14238,"template":"","meta":{"_acf_changed":false,"_et_pb_use_builder":"","_et_pb_old_content":"","_et_gb_content_width":""},"product_brand":[],"product_cat":[96,196,143,81],"product_tag":[600,406,371,366,362],"class_list":{"0":"post-3266","1":"product","2":"type-product","3":"status-publish","4":"has-post-thumbnail","6":"product_cat-fonce","7":"product_cat-intense","8":"product_cat-nuancier-actuel","9":"product_cat-peintures-de-finition","10":"product_tag-brinjal","11":"product_tag-couleur","12":"product_tag-farrow","13":"product_tag-farrowball","14":"product_tag-peinture","16":"first","17":"instock","18":"taxable","19":"shipping-taxable","20":"purchasable","21":"product-type-variable"},"acf":[],"_links":{"self":[{"href":"https:\/\/www.sorainstyles.com\/boutique\/wp-json\/wp\/v2\/product\/3266","targetHints":{"allow":["GET"]}}],"collection":[{"href":"https:\/\/www.sorainstyles.com\/boutique\/wp-json\/wp\/v2\/product"}],"about":[{"href":"https:\/\/www.sorainstyles.com\/boutique\/wp-json\/wp\/v2\/types\/product"}],"wp:featuredmedia":[{"embeddable":true,"href":"https:\/\/www.sorainstyles.com\/boutique\/wp-json\/wp\/v2\/media\/14238"}],"wp:attachment":[{"href":"https:\/\/www.sorainstyles.com\/boutique\/wp-json\/wp\/v2\/media?parent=3266"}],"wp:term":[{"taxonomy":"product_brand","embeddable":true,"href":"https:\/\/www.sorainstyles.com\/boutique\/wp-json\/wp\/v2\/product_brand?post=3266"},{"taxonomy":"product_cat","embeddable":true,"href":"https:\/\/www.sorainstyles.com\/boutique\/wp-json\/wp\/v2\/product_cat?post=3266"},{"taxonomy":"product_tag","embeddable":true,"href":"https:\/\/www.sorainstyles.com\/boutique\/wp-json\/wp\/v2\/product_tag?post=3266"}],"curies":[{"name":"wp","href":"https:\/\/api.w.org\/{rel}","templated":true}]}}