{"id":3254,"date":"2021-12-07T19:55:26","date_gmt":"2021-12-07T18:55:26","guid":{"rendered":"https:\/\/www.sorainstyles.com\/boutique\/produit\/yellow-ground-218\/"},"modified":"2025-09-18T14:25:17","modified_gmt":"2025-09-18T12:25:17","slug":"yellow-ground-218","status":"publish","type":"product","link":"https:\/\/www.sorainstyles.com\/boutique\/produit\/yellow-ground-218\/","title":{"rendered":"Yellow Ground 218"},"content":{"rendered":"<h1 class=\"product-hero__title\">Yellow Ground &#8211; No. 218 de chez Farrow &amp; Ball<\/h1>\n<h2>Un jaune moyen intemporel<\/h2>\n<p>C\u2019est l\u2019un de nos <a href=\"https:\/\/www.cotemaison.fr\/loft-appartement\/appartement-paris-66-m2-repenses-avec-une-piece-en-plus_32397.html\" target=\"_blank\" rel=\"noopener\">jaunes<\/a> les plus polyvalents. Sa tonalit\u00e9 ensoleill\u00e9e fut utilis\u00e9e \u00e0 l\u2019origine comme couleur de fond pour nos papiers peints. Teinte qui se situe entre les tonalit\u00e9s fra\u00eeches de Citron et la puissance de Sudbury Yellow, la teinte No.218 &#8211; Yellow Ground cr\u00e9e un espace joyeux et stimulant, quelle que soit la luminosit\u00e9, sans \u00eatre pour autant trop dominant.<\/p>\n<p>Primer &amp; Undercoat recommand\u00e9e: <a href=\"https:\/\/www.sorainstyles.com\/boutique\/categorie-produit\/appret-sous-couches\/white-and-light-tones\/\" target=\"_blank\" rel=\"noopener\">White and Light Tones<\/a><\/p>\n<p>Blanc compl\u00e9mentaire :\u00a0<a href=\"https:\/\/www.sorainstyles.com\/boutique\/produit\/white-tie-2002\/\" target=\"_blank\" rel=\"noopener\">White Tie<\/a><\/p>\n<h3>4 exemples d\u2019harmonies de couleurs avec la teinte Yellow Ground \u2013 No.218<\/h3>\n<ul>\n<li>Wimborne White No.239 &#8211; New White No.59<\/li>\n<li>White Tie No.2002 &#8211; Bancha No.298<\/li>\n<li>De Nimes No.299 &#8211; Picture Gallery Red No.42<\/li>\n<li>India Yellow No.66 &#8211; Pitch Black No.256<\/li>\n<\/ul>\n<h3>Information produit<\/h3>\n<h4>A base d\u2019eau et sans danger pour les enfants<\/h4>\n<p>En 2010, Farrow &amp; Ball a \u00e9t\u00e9 les premiers du secteur \u00e0 passer \u00e0 une gamme de finitions \u00e9labor\u00e9es enti\u00e8rement \u00e0 base d\u2019eau. En effet, ces finitions \u00e0 faible teneur en COV et pratiquement sans odeur sont faciles \u00e0 nettoyer sans recourir \u00e0 des solvants nocifs.<\/p>\n<h4>Finitions de qualit\u00e9<\/h4>\n<p>Tout d\u2019abord, chacune de nos couleurs est disponible dans une gamme de finitions de peinture d\u2019int\u00e9rieur et d\u2019ext\u00e9rieur. Ensuite, chaque finition est test\u00e9e de mani\u00e8re rigoureuse pour garantir un fini durable et une profondeur de couleur exceptionnelle. Enfin, pour obtenir les meilleurs r\u00e9sultats, nous recommandons toujours d\u2019utiliser une Impression &amp; Sous-couche Farrow &amp; Ball \u2013 voir plus haut pour trouver la tonalit\u00e9 de couleur exacte pour cette peinture.<\/p>\n","protected":false},"excerpt":{"rendered":"<h3>Un jaune moyen intemporel<\/h3>\n<p>Yellow Ground, l&rsquo;un des jaunes les plus polyvalents, cr\u00e9e un espace joyeux et stimulant sans \u00eatre trop dominant, quelle que soit la luminosit\u00e9.<\/p>\n<p>Sous-couche recommand\u00e9e : <a href=\"https:\/\/www.sorainstyles.com\/boutique\/categorie-produit\/appret-sous-couches\/white-and-light-tones\/\" target=\"_blank\" rel=\"noopener\">White and Light Tones<\/a><\/p>\n","protected":false},"featured_media":14193,"template":"","meta":{"_acf_changed":false,"_et_pb_use_builder":"","_et_pb_old_content":"","_et_gb_content_width":""},"product_brand":[],"product_cat":[331,339,143,81],"product_tag":[608,406,371,366,362,607],"class_list":{"0":"post-3254","1":"product","2":"type-product","3":"status-publish","4":"has-post-thumbnail","6":"product_cat-clair","7":"product_cat-jaune","8":"product_cat-nuancier-actuel","9":"product_cat-peintures-de-finition","10":"product_tag-608","11":"product_tag-couleur","12":"product_tag-farrow","13":"product_tag-farrowball","14":"product_tag-peinture","15":"product_tag-yellow-ground","17":"first","18":"instock","19":"taxable","20":"shipping-taxable","21":"purchasable","22":"product-type-variable"},"acf":[],"_links":{"self":[{"href":"https:\/\/www.sorainstyles.com\/boutique\/wp-json\/wp\/v2\/product\/3254","targetHints":{"allow":["GET"]}}],"collection":[{"href":"https:\/\/www.sorainstyles.com\/boutique\/wp-json\/wp\/v2\/product"}],"about":[{"href":"https:\/\/www.sorainstyles.com\/boutique\/wp-json\/wp\/v2\/types\/product"}],"wp:featuredmedia":[{"embeddable":true,"href":"https:\/\/www.sorainstyles.com\/boutique\/wp-json\/wp\/v2\/media\/14193"}],"wp:attachment":[{"href":"https:\/\/www.sorainstyles.com\/boutique\/wp-json\/wp\/v2\/media?parent=3254"}],"wp:term":[{"taxonomy":"product_brand","embeddable":true,"href":"https:\/\/www.sorainstyles.com\/boutique\/wp-json\/wp\/v2\/product_brand?post=3254"},{"taxonomy":"product_cat","embeddable":true,"href":"https:\/\/www.sorainstyles.com\/boutique\/wp-json\/wp\/v2\/product_cat?post=3254"},{"taxonomy":"product_tag","embeddable":true,"href":"https:\/\/www.sorainstyles.com\/boutique\/wp-json\/wp\/v2\/product_tag?post=3254"}],"curies":[{"name":"wp","href":"https:\/\/api.w.org\/{rel}","templated":true}]}}