{"id":3195,"date":"2021-12-07T19:52:04","date_gmt":"2021-12-07T18:52:04","guid":{"rendered":"https:\/\/www.sorainstyles.com\/boutique\/produit\/green-ground-206\/"},"modified":"2025-10-19T17:14:43","modified_gmt":"2025-10-19T15:14:43","slug":"green-ground-206","status":"publish","type":"product","link":"https:\/\/www.sorainstyles.com\/boutique\/produit\/green-ground-206\/","title":{"rendered":"Green Ground 206"},"content":{"rendered":"<h1 class=\"product-hero__title\">Green Ground &#8211;\u00a0No. 206 de chez Farrow &amp; Ball<\/h1>\n<h2>Un vert p\u00e2le et frais<\/h2>\n<p>Ce vert rafra\u00eechissant est la version claire de Cooking Apple Green. \u00c0 l&rsquo;origine, cette couleur a \u00e9t\u00e9 cr\u00e9\u00e9 pour servir de toile de fond \u00e0 certains papiers peints d\u2019inspiration v\u00e9g\u00e9tale Farrow &amp; Ball. En effet, cela en fait un choix tr\u00e8s adapt\u00e9 pour les cuisines par exemple. Souvent combin\u00e9 \u00e0 All White qui le mettra en valeur, il peut aussi \u00eatre utilis\u00e9 sur du lambrissage avec notre <a href=\"https:\/\/www.farrow-ball.com\/fr\/couleurs\/green-smoke\" target=\"_blank\" rel=\"noopener\">Green Smoke<\/a>, plus fonc\u00e9, pour cr\u00e9er un style traditionnel, r\u00e9confortant et intemporel.<\/p>\n<p>Primer &amp; Undercoat recommand\u00e9e: <a href=\"https:\/\/www.sorainstyles.com\/boutique\/categorie-produit\/appret-sous-couches\/white-and-light-tones\/\" target=\"_blank\" rel=\"noopener\">White and Light Tones<\/a><\/p>\n<p>Blanc compl\u00e9mentaire : <a href=\"https:\/\/www.sorainstyles.com\/boutique\/produit\/white-tie-2002\/\" target=\"_blank\" rel=\"noopener\">White Tie<\/a><\/p>\n<h3>Exemple d&rsquo;harmonie de couleur avec la teinte Green Ground &#8211; No.206<\/h3>\n<ul>\n<li>Tunsgate Green No.250 &#8211; Cooking Apple Green No.32<\/li>\n<li>Pink Ground No.202 &#8211; Skylight No.205<\/li>\n<li>Whirlybird No.309 &#8211; Templeton Pink No.303<\/li>\n<\/ul>\n<h3>Information produit<\/h3>\n<h4>A base d&rsquo;eau et sans danger pour les enfants<\/h4>\n<p>En 2010, Farrow &amp; Ball a \u00e9t\u00e9 les premiers du secteur \u00e0 passer \u00e0 une gamme de finitions \u00e9labor\u00e9es enti\u00e8rement \u00e0 base d\u2019eau. En effet, ces finitions \u00e0 faible teneur en COV et pratiquement sans odeur sont faciles \u00e0 nettoyer sans recourir \u00e0 des solvants nocifs.<\/p>\n<h4>Finitions de qualit\u00e9<\/h4>\n<p>Tout d&rsquo;abord, chacune de nos couleurs est disponible dans une gamme de finitions de peinture d\u2019int\u00e9rieur et d\u2019ext\u00e9rieur. Ensuite, chaque finition est test\u00e9e de mani\u00e8re rigoureuse pour garantir un fini durable et une profondeur de couleur exceptionnelle. Enfin, pour obtenir les meilleurs r\u00e9sultats, nous recommandons toujours d\u2019utiliser une Impression &amp; Sous-couche Farrow &amp; Ball &#8211; voir plus haut pour trouver la tonalit\u00e9 de couleur exacte pour cette peinture.<\/p>\n","protected":false},"excerpt":{"rendered":"<h3>Un vert p\u00e2le et frais<\/h3>\n<p>Green Ground est un vert clair rafra\u00eechissant dont la douceur apaise l&rsquo;espace. Il se marie parfaitement avec du blanc pour un effet lumineux ou avec des teintes plus fonc\u00e9es pour un style traditionnel et intemporel.<\/p>\n<p>Sous-couche recommand\u00e9e : <a href=\"https:\/\/www.sorainstyles.com\/boutique\/categorie-produit\/appret-sous-couches\/white-and-light-tones\/\" target=\"_blank\" rel=\"noopener\">White and Light Tones<\/a><\/p>\n","protected":false},"featured_media":14211,"template":"","meta":{"_acf_changed":false,"_et_pb_use_builder":"","_et_pb_old_content":"","_et_gb_content_width":""},"product_brand":[],"product_cat":[331,143,81,92],"product_tag":[630,371,366,629,362,350],"class_list":{"0":"post-3195","1":"product","2":"type-product","3":"status-publish","4":"has-post-thumbnail","6":"product_cat-clair","7":"product_cat-nuancier-actuel","8":"product_cat-peintures-de-finition","9":"product_cat-vert","10":"product_tag-630","11":"product_tag-farrow","12":"product_tag-farrowball","13":"product_tag-green-ground","14":"product_tag-peinture","15":"product_tag-vert","17":"first","18":"instock","19":"taxable","20":"shipping-taxable","21":"purchasable","22":"product-type-variable"},"acf":[],"_links":{"self":[{"href":"https:\/\/www.sorainstyles.com\/boutique\/wp-json\/wp\/v2\/product\/3195","targetHints":{"allow":["GET"]}}],"collection":[{"href":"https:\/\/www.sorainstyles.com\/boutique\/wp-json\/wp\/v2\/product"}],"about":[{"href":"https:\/\/www.sorainstyles.com\/boutique\/wp-json\/wp\/v2\/types\/product"}],"wp:featuredmedia":[{"embeddable":true,"href":"https:\/\/www.sorainstyles.com\/boutique\/wp-json\/wp\/v2\/media\/14211"}],"wp:attachment":[{"href":"https:\/\/www.sorainstyles.com\/boutique\/wp-json\/wp\/v2\/media?parent=3195"}],"wp:term":[{"taxonomy":"product_brand","embeddable":true,"href":"https:\/\/www.sorainstyles.com\/boutique\/wp-json\/wp\/v2\/product_brand?post=3195"},{"taxonomy":"product_cat","embeddable":true,"href":"https:\/\/www.sorainstyles.com\/boutique\/wp-json\/wp\/v2\/product_cat?post=3195"},{"taxonomy":"product_tag","embeddable":true,"href":"https:\/\/www.sorainstyles.com\/boutique\/wp-json\/wp\/v2\/product_tag?post=3195"}],"curies":[{"name":"wp","href":"https:\/\/api.w.org\/{rel}","templated":true}]}}