{"id":2453,"date":"2021-12-07T18:37:39","date_gmt":"2021-12-07T17:37:39","guid":{"rendered":"https:\/\/www.sorainstyles.com\/boutique\/produit\/yonder-9810\/"},"modified":"2025-10-02T12:06:58","modified_gmt":"2025-10-02T10:06:58","slug":"yonder-9810","status":"publish","type":"product","link":"https:\/\/www.sorainstyles.com\/boutique\/produit\/yonder-9810\/","title":{"rendered":"Yonder 9810"},"content":{"rendered":"<h1 class=\"product-hero__title\">Archive Collection : Yonder &#8211; No. 9810<\/h1>\n<h2>Une version du bleu ciel<\/h2>\n<p>La teinte No.9810 &#8211; Yonder est le bleu le plus rafra\u00eechissant de Farrow &amp; Ball. C&rsquo;est un clin d\u2019\u0153il au ciel lointain de l\u2019imaginaire de notre <a href=\"https:\/\/www.cotemaison.fr\/chambre-et-bureau\/petite-chambre-enfant-sous-combles_26411.html\" target=\"_blank\" rel=\"noopener\">enfance<\/a>. Essayez-le comme couleur murale avec des plinthes en All White pour une combinaison particuli\u00e8rement fra\u00eeche.<\/p>\n<p>Primer &amp; Undercoat recommand\u00e9e: <a href=\"https:\/\/www.sorainstyles.com\/boutique\/categorie-produit\/appret-sous-couches\/dark-tones\/\" target=\"_blank\" rel=\"noopener\">Dark Tones<\/a><\/p>\n<p>Blanc compl\u00e9mentaire:\u00a0<a href=\"https:\/\/www.sorainstyles.com\/boutique\/produit\/slipper-satin-2004\/\" target=\"_blank\" rel=\"noopener\">Slipper Satin<\/a><\/p>\n<h3>Exemple d&rsquo;harmonies de couleurs avec la teinte Yonder &#8211; No.9810<\/h3>\n<ul>\n<li>Pink Cup No.9801 &#8211; Arsenic No.214<\/li>\n<\/ul>\n<h3>Information produit<\/h3>\n<h4>A base d&rsquo;eau et sans danger pour les enfants<\/h4>\n<p>En 2010, Farrow &amp; Ball a \u00e9t\u00e9 les premiers du secteur \u00e0 passer \u00e0 une gamme de finitions \u00e9labor\u00e9es enti\u00e8rement \u00e0 base d\u2019eau. D&rsquo;ailleurs, ces finitions \u00e0 faible teneur en COV et pratiquement sans odeur sont faciles \u00e0 nettoyer sans recourir \u00e0 des solvants nocifs.<\/p>\n<h4>Finitions de qualit\u00e9<\/h4>\n<p>Tout d&rsquo;abord, chacune de nos couleurs est disponible dans une gamme de finitions de peinture d\u2019int\u00e9rieur et d\u2019ext\u00e9rieur. Ensuite, chaque finition est test\u00e9e de mani\u00e8re rigoureuse pour garantir un fini durable et une profondeur de couleur exceptionnelle. Par ailleurs, pour obtenir les meilleurs r\u00e9sultats, nous recommandons toujours d\u2019utiliser une Impression &amp; Sous-couche Farrow &amp; Ball &#8211; voir plus haut pour trouver la tonalit\u00e9 de couleur exacte pour cette peinture.<\/p>\n","protected":false},"excerpt":{"rendered":"<h3>Une version du bleu ciel<\/h3>\n<p>Cette couleur est un bleu rafra\u00eechissant qui \u00e9voque presque la couleur du ciel. Il cr\u00e9e un effet particuli\u00e8rement frais lorsqu&rsquo;il est associ\u00e9 \u00e0 des tonalit\u00e9s de blanc.<\/p>\n<p>Sous-couche recommand\u00e9e : <a href=\"https:\/\/www.sorainstyles.com\/boutique\/categorie-produit\/appret-sous-couches\/dark-tones\/\" target=\"_blank\" rel=\"noopener\">Dark Tones<\/a><\/p>\n","protected":false},"featured_media":14058,"template":"","meta":{"_acf_changed":false,"_et_pb_use_builder":"","_et_pb_old_content":"","_et_gb_content_width":""},"product_brand":[],"product_cat":[343,330,98,81],"product_tag":[689,406,371,366,362,688],"class_list":{"0":"post-2453","1":"product","2":"type-product","3":"status-publish","4":"has-post-thumbnail","6":"product_cat-archive","7":"product_cat-bleu","8":"product_cat-moyen","9":"product_cat-peintures-de-finition","10":"product_tag-689","11":"product_tag-couleur","12":"product_tag-farrow","13":"product_tag-farrowball","14":"product_tag-peinture","15":"product_tag-yonder","17":"first","18":"instock","19":"taxable","20":"shipping-taxable","21":"purchasable","22":"product-type-variable"},"acf":[],"_links":{"self":[{"href":"https:\/\/www.sorainstyles.com\/boutique\/wp-json\/wp\/v2\/product\/2453","targetHints":{"allow":["GET"]}}],"collection":[{"href":"https:\/\/www.sorainstyles.com\/boutique\/wp-json\/wp\/v2\/product"}],"about":[{"href":"https:\/\/www.sorainstyles.com\/boutique\/wp-json\/wp\/v2\/types\/product"}],"wp:featuredmedia":[{"embeddable":true,"href":"https:\/\/www.sorainstyles.com\/boutique\/wp-json\/wp\/v2\/media\/14058"}],"wp:attachment":[{"href":"https:\/\/www.sorainstyles.com\/boutique\/wp-json\/wp\/v2\/media?parent=2453"}],"wp:term":[{"taxonomy":"product_brand","embeddable":true,"href":"https:\/\/www.sorainstyles.com\/boutique\/wp-json\/wp\/v2\/product_brand?post=2453"},{"taxonomy":"product_cat","embeddable":true,"href":"https:\/\/www.sorainstyles.com\/boutique\/wp-json\/wp\/v2\/product_cat?post=2453"},{"taxonomy":"product_tag","embeddable":true,"href":"https:\/\/www.sorainstyles.com\/boutique\/wp-json\/wp\/v2\/product_tag?post=2453"}],"curies":[{"name":"wp","href":"https:\/\/api.w.org\/{rel}","templated":true}]}}