{"id":2404,"date":"2021-12-07T18:36:13","date_gmt":"2021-12-07T17:36:13","guid":{"rendered":"https:\/\/www.sorainstyles.com\/boutique\/produit\/great-white-2006\/"},"modified":"2025-10-15T09:41:47","modified_gmt":"2025-10-15T07:41:47","slug":"great-white-2006","status":"publish","type":"product","link":"https:\/\/www.sorainstyles.com\/boutique\/produit\/great-white-2006\/","title":{"rendered":"Great White 2006"},"content":{"rendered":"<h1 class=\"product-hero__title\">Great White &#8211; No. 2006 de chez Farrow &amp; Ball<\/h1>\n<h2>Un blanc avec un soup\u00e7on de lilas<\/h2>\n<p>Ce blanc \u00e9l\u00e9gant n\u2019est pas inspir\u00e9 du nom d\u2019un requin, mais se r\u00e9f\u00e8re simplement au fait qu&rsquo;il s\u2019agit d\u2019une couleur fantastique ! La teinte No.2006 &#8211; Great White prend l\u2019apparence d\u2019un <a href=\"https:\/\/www.cotemaison.fr\/inspirations\/comment-adopter-la-couleur-pastel-dans-sa-deco_34512.html\" target=\"_blank\" rel=\"noopener\">lilas<\/a> tr\u00e8s p\u00e2le lorsqu\u2019il est mis en contraste avec notre All White, ce qui en fait le choix id\u00e9al pour les chambres d\u2019enfants lorsque vous souhaitez conserver un style assez neutre. C\u2019est un rose qui, malgr\u00e9 son fond rouge, n\u2019est pas vraiment chaud. L\u2019inclusion d\u2019une minuscule quantit\u00e9 de pigment noir lui donne, en effet, toute sa sophistication et sa profondeur.<\/p>\n<p>Primer &amp; Undercoat recommand\u00e9e: <a href=\"https:\/\/www.sorainstyles.com\/boutique\/categorie-produit\/appret-sous-couches\/white-and-light-tones\/\" target=\"_blank\" rel=\"noopener\">White and Light Tones<\/a><\/p>\n<p>Blanc compl\u00e9mentaire :\u00a0<a href=\"https:\/\/www.sorainstyles.com\/boutique\/produit\/all-white-2005\/\" target=\"_blank\" rel=\"noopener\">All White<\/a><\/p>\n<h3>4 exemples d&rsquo;harmonies de couleurs avec la teinte Great White &#8211; No.2006<\/h3>\n<ul>\n<li>All White No.2005 &#8211; Wevet No.273<\/li>\n<li>Calamine No.230 &#8211; Cinder Rose No.246<\/li>\n<li>Calluna No.270 &#8211; Brassica No.271<\/li>\n<li>Pelt No.254 &#8211; Paean Black No.294<\/li>\n<\/ul>\n<h3>Information produit<\/h3>\n<h4>A base d&rsquo;eau et sans danger pour les enfants<\/h4>\n<p>En 2010, Farrow &amp; Ball a \u00e9t\u00e9 les premiers du secteur \u00e0 passer \u00e0 une gamme de finitions \u00e9labor\u00e9es enti\u00e8rement \u00e0 base d\u2019eau. D&rsquo;ailleurs, ces finitions \u00e0 faible teneur en COV et pratiquement sans odeur sont faciles \u00e0 nettoyer sans recourir \u00e0 des solvants nocifs.<\/p>\n<h4>Finitions de qualit\u00e9<\/h4>\n<p>Tout d&rsquo;abord, chacune de nos couleurs est disponible dans une gamme de finitions de peinture d\u2019int\u00e9rieur et d\u2019ext\u00e9rieur. Ensuite, chaque finition est test\u00e9e de mani\u00e8re rigoureuse pour garantir un fini durable et une profondeur de couleur exceptionnelle. Par ailleurs, pour obtenir les meilleurs r\u00e9sultats, nous recommandons toujours d\u2019utiliser une Impression &amp; Sous-couche Farrow &amp; Ball &#8211; voir plus haut pour trouver la tonalit\u00e9 de couleur exacte pour cette peinture.<\/p>\n","protected":false},"excerpt":{"rendered":"<h3>Un blanc avec un soup\u00e7on de lilas<\/h3>\n<p>Great White est un blanc \u00e9l\u00e9gant avec des nuances de lilas tr\u00e8s p\u00e2le. Attention, c\u2019est un rose qui, malgr\u00e9 son fond rouge n\u2019est pas vraiment chaud. L\u2019inclusion d\u2019une minuscule quantit\u00e9 de pigment noir lui donne, en effet, toute sa sophistication et sa profondeur.<\/p>\n<p>Sous-couche recommand\u00e9e : <a href=\"https:\/\/www.sorainstyles.com\/boutique\/categorie-produit\/appret-sous-couches\/white-and-light-tones\/\" target=\"_blank\" rel=\"noopener\">White and Light Tones<\/a><\/p>\n","protected":false},"featured_media":14262,"template":"","meta":{"_acf_changed":false,"_et_pb_use_builder":"","_et_pb_old_content":"","_et_gb_content_width":""},"product_brand":[],"product_cat":[331,329,143,81],"product_tag":[705,406,371,366,704,362],"class_list":{"0":"post-2404","1":"product","2":"type-product","3":"status-publish","4":"has-post-thumbnail","6":"product_cat-clair","7":"product_cat-neutre","8":"product_cat-nuancier-actuel","9":"product_cat-peintures-de-finition","10":"product_tag-705","11":"product_tag-couleur","12":"product_tag-farrow","13":"product_tag-farrowball","14":"product_tag-great-white","15":"product_tag-peinture","17":"first","18":"instock","19":"taxable","20":"shipping-taxable","21":"purchasable","22":"product-type-variable"},"acf":[],"_links":{"self":[{"href":"https:\/\/www.sorainstyles.com\/boutique\/wp-json\/wp\/v2\/product\/2404","targetHints":{"allow":["GET"]}}],"collection":[{"href":"https:\/\/www.sorainstyles.com\/boutique\/wp-json\/wp\/v2\/product"}],"about":[{"href":"https:\/\/www.sorainstyles.com\/boutique\/wp-json\/wp\/v2\/types\/product"}],"wp:featuredmedia":[{"embeddable":true,"href":"https:\/\/www.sorainstyles.com\/boutique\/wp-json\/wp\/v2\/media\/14262"}],"wp:attachment":[{"href":"https:\/\/www.sorainstyles.com\/boutique\/wp-json\/wp\/v2\/media?parent=2404"}],"wp:term":[{"taxonomy":"product_brand","embeddable":true,"href":"https:\/\/www.sorainstyles.com\/boutique\/wp-json\/wp\/v2\/product_brand?post=2404"},{"taxonomy":"product_cat","embeddable":true,"href":"https:\/\/www.sorainstyles.com\/boutique\/wp-json\/wp\/v2\/product_cat?post=2404"},{"taxonomy":"product_tag","embeddable":true,"href":"https:\/\/www.sorainstyles.com\/boutique\/wp-json\/wp\/v2\/product_tag?post=2404"}],"curies":[{"name":"wp","href":"https:\/\/api.w.org\/{rel}","templated":true}]}}