{"id":2383,"date":"2021-12-07T18:35:41","date_gmt":"2021-12-07T17:35:41","guid":{"rendered":"https:\/\/www.sorainstyles.com\/boutique\/produit\/carriage-green-94\/"},"modified":"2025-10-03T12:45:53","modified_gmt":"2025-10-03T10:45:53","slug":"carriage-green-94","status":"publish","type":"product","link":"https:\/\/www.sorainstyles.com\/boutique\/produit\/carriage-green-94\/","title":{"rendered":"Carriage Green 94"},"content":{"rendered":"<div class=\"product-hero__heading-container\">\n<div class=\"product-hero__heading\">\n<h1 class=\"product-hero__title\">Archive Collection: Carriage Green &#8211;\u00a0No. 94 de chez Farrow &amp; Ball<\/h1>\n<\/div>\n<\/div>\n<h2>Un vert sombre intense<\/h2>\n<p>La teinte No.94 &#8211; Carriage Ce vert sombre intense contient l\u00e9g\u00e8rement moins de pigments <a href=\"https:\/\/blogs.cotemaison.fr\/blog-maison\/2013\/01\/01\/tendance-noir-blanc-dans-la-deco\/\" target=\"_blank\" rel=\"noopener\">noirs<\/a> que le favori de Farrow &amp; Ball, Studio Green, et constitue une teinte tr\u00e8s sophistiqu\u00e9e pour les portes d\u2019entr\u00e9e, tout particuli\u00e8rement en Full Gloss haute brillance.<\/p>\n<p>Primer &amp; Undercoat recommand\u00e9e: <a href=\"https:\/\/www.sorainstyles.com\/boutique\/categorie-produit\/appret-sous-couches\/dark-tones\/\" target=\"_blank\" rel=\"noopener\">Dark Tones<\/a><\/p>\n<p>Blanc compl\u00e9mentaire: <a href=\"https:\/\/www.sorainstyles.com\/boutique\/produit\/old-white-4\/\" target=\"_blank\" rel=\"noopener\">Old White<\/a><\/p>\n<h3>Exemple d&rsquo;harmonie de couleur avec la teinte Carriage Green &#8211; No.94<\/h3>\n<ul>\n<li>Preference Red No.297 &#8211; Light Gray No.17<\/li>\n<\/ul>\n<h3>Information produit<\/h3>\n<h4>A base d&rsquo;eau et sans danger pour les enfants<\/h4>\n<p>En 2010, Farrow &amp; Ball a \u00e9t\u00e9 les premiers du secteur \u00e0 passer \u00e0 une gamme de finitions \u00e9labor\u00e9es enti\u00e8rement \u00e0 base d\u2019eau. En effet, ces finitions \u00e0 faible teneur en COV et pratiquement sans odeur sont faciles \u00e0 nettoyer sans recourir \u00e0 des solvants nocifs.<\/p>\n<h4>Finitions de qualit\u00e9<\/h4>\n<p>Tout d&rsquo;abord, chacune de nos couleurs est disponible dans une gamme de finitions de peinture d\u2019int\u00e9rieur et d\u2019ext\u00e9rieur. Ensuite, chaque finition est test\u00e9e de mani\u00e8re rigoureuse pour garantir un fini durable et une profondeur de couleur exceptionnelle. Enfin, pour obtenir les meilleurs r\u00e9sultats, nous recommandons toujours d\u2019utiliser une Impression &amp; Sous-couche Farrow &amp; Ball &#8211; voir plus haut pour trouver la tonalit\u00e9 de couleur exacte pour cette peinture.<\/p>\n","protected":false},"excerpt":{"rendered":"<h3>Un vert sombre intense<\/h3>\n<p>Ce vert profond et intense, l\u00e9g\u00e8rement moins satur\u00e9 en pigments noirs que certains autres verts, offre une teinte sophistiqu\u00e9e.<\/p>\n<p>Sous-couche recommand\u00e9e : <a href=\"https:\/\/www.sorainstyles.com\/boutique\/categorie-produit\/appret-sous-couches\/dark-tones\/\" target=\"_blank\" rel=\"noopener\">Dark Tones<\/a><\/p>\n","protected":false},"featured_media":14132,"template":"","meta":{"_acf_changed":false,"_et_pb_use_builder":"","_et_pb_old_content":"","_et_gb_content_width":""},"product_brand":[],"product_cat":[343,341,96,81],"product_tag":[723,722,406,371,366,362],"class_list":{"0":"post-2383","1":"product","2":"type-product","3":"status-publish","4":"has-post-thumbnail","6":"product_cat-archive","7":"product_cat-fonce-luminosite","8":"product_cat-fonce","9":"product_cat-peintures-de-finition","10":"product_tag-723","11":"product_tag-carriage-green","12":"product_tag-couleur","13":"product_tag-farrow","14":"product_tag-farrowball","15":"product_tag-peinture","17":"first","18":"instock","19":"taxable","20":"shipping-taxable","21":"purchasable","22":"product-type-variable"},"acf":[],"_links":{"self":[{"href":"https:\/\/www.sorainstyles.com\/boutique\/wp-json\/wp\/v2\/product\/2383","targetHints":{"allow":["GET"]}}],"collection":[{"href":"https:\/\/www.sorainstyles.com\/boutique\/wp-json\/wp\/v2\/product"}],"about":[{"href":"https:\/\/www.sorainstyles.com\/boutique\/wp-json\/wp\/v2\/types\/product"}],"wp:featuredmedia":[{"embeddable":true,"href":"https:\/\/www.sorainstyles.com\/boutique\/wp-json\/wp\/v2\/media\/14132"}],"wp:attachment":[{"href":"https:\/\/www.sorainstyles.com\/boutique\/wp-json\/wp\/v2\/media?parent=2383"}],"wp:term":[{"taxonomy":"product_brand","embeddable":true,"href":"https:\/\/www.sorainstyles.com\/boutique\/wp-json\/wp\/v2\/product_brand?post=2383"},{"taxonomy":"product_cat","embeddable":true,"href":"https:\/\/www.sorainstyles.com\/boutique\/wp-json\/wp\/v2\/product_cat?post=2383"},{"taxonomy":"product_tag","embeddable":true,"href":"https:\/\/www.sorainstyles.com\/boutique\/wp-json\/wp\/v2\/product_tag?post=2383"}],"curies":[{"name":"wp","href":"https:\/\/api.w.org\/{rel}","templated":true}]}}