{"id":2305,"date":"2021-12-07T18:33:57","date_gmt":"2021-12-07T17:33:57","guid":{"rendered":"https:\/\/www.sorainstyles.com\/boutique\/produit\/saxon-green-80\/"},"modified":"2025-10-15T15:50:39","modified_gmt":"2025-10-15T13:50:39","slug":"saxon-green-80","status":"publish","type":"product","link":"https:\/\/www.sorainstyles.com\/boutique\/produit\/saxon-green-80\/","title":{"rendered":"Saxon Green 80"},"content":{"rendered":"<h1 class=\"product-hero__title\">Archive Collection : Saxon Green &#8211; No.80 de chez Farrow &amp; Ball<\/h1>\n<h2>Un vert jaune traditionnel<\/h2>\n<p>Moins dense que Yeabridge Green, la teinte No.80 &#8211; Saxon Green r\u00e9v\u00e8le un caract\u00e8re traditionnel et agr\u00e9able \u00e0 vivre. Cette teinte ancienne nous renvoie \u00e0 une \u00e9poque ant\u00e9rieure \u00e0 1931, date \u00e0 laquelle ont \u00e9t\u00e9 \u00e9tablies les normes britanniques en mati\u00e8re de couleurs, ou British Standard Colours, lorsqu\u2019elle figurait souvent sur les nuanciers des <a href=\"https:\/\/www.cotemaison.fr\/peintures-carrelages-papier-peint\/peinture-farrow-ball-2013-des-nouvelles-couleurs-inspirees_19728.html\" target=\"_blank\" rel=\"noopener\">fabricants de peintures<\/a>.<\/p>\n<p>Primer &amp; Undercoat recommand\u00e9e: <a href=\"https:\/\/www.sorainstyles.com\/boutique\/categorie-produit\/appret-sous-couches\/dark-tones\/\" target=\"_blank\" rel=\"noopener\">Dark Tones<\/a><\/p>\n<p>Blanc compl\u00e9mentaire:\u00a0<a href=\"https:\/\/www.sorainstyles.com\/boutique\/produit\/lime-white-1\/\" target=\"_blank\" rel=\"noopener\">Lime White<\/a><\/p>\n<h3>Exemple d&rsquo;harmonies de couleurs avec la teinte Saxon Green &#8211; No.80<\/h3>\n<ul>\n<li>Dix Blue No.82 &#8211; Nancy&rsquo;s Blushes No.278<\/li>\n<\/ul>\n<h3>Information produit<\/h3>\n<h3>A base d&rsquo;eau et sans danger pour les enfants<\/h3>\n<p>En 2010, Farrow &amp; Ball a \u00e9t\u00e9 les premiers du secteur \u00e0 passer \u00e0 une gamme de finitions \u00e9labor\u00e9es enti\u00e8rement \u00e0 base d\u2019eau. En effet, ces finitions \u00e0 faible teneur en COV et pratiquement sans odeur sont faciles \u00e0 nettoyer sans recourir \u00e0 des solvants nocifs.<\/p>\n<h3>Finitions de qualit\u00e9<\/h3>\n<p>Tout d&rsquo;abord, chacune de nos couleurs est disponible dans une gamme de finitions de peinture d\u2019int\u00e9rieur et d\u2019ext\u00e9rieur. Ensuite, chaque finition est test\u00e9e de mani\u00e8re rigoureuse pour garantir un fini durable et une profondeur de couleur exceptionnelle. Enfin, pour obtenir les meilleurs r\u00e9sultats, nous recommandons toujours d\u2019utiliser une Impression &amp; Sous-couche Farrow &amp; Ball &#8211; voir plus haut pour trouver la tonalit\u00e9 de couleur exacte pour cette peinture.<\/p>\n","protected":false},"excerpt":{"rendered":"<h3>Un vert jaune traditionnel<\/h3>\n<p>Saxon Green pr\u00e9sente des sous-tons bleus qui lui donnent une qualit\u00e9 subtile et sophistiqu\u00e9e, loin des verts trop satur\u00e9s. Elle \u00e9voque une atmosph\u00e8re classique et intemporelle.<\/p>\n<p>Sous-couche recommand\u00e9e : <a href=\"https:\/\/www.sorainstyles.com\/boutique\/categorie-produit\/appret-sous-couches\/dark-tones\/\" target=\"_blank\" rel=\"noopener\">Dark Tones<\/a><\/p>\n","protected":false},"featured_media":14079,"template":"","meta":{"_acf_changed":false,"_et_pb_use_builder":"","_et_pb_old_content":"","_et_gb_content_width":""},"product_brand":[],"product_cat":[343,98,81,92],"product_tag":[750,406,371,366,362,749,350],"class_list":{"0":"post-2305","1":"product","2":"type-product","3":"status-publish","4":"has-post-thumbnail","6":"product_cat-archive","7":"product_cat-moyen","8":"product_cat-peintures-de-finition","9":"product_cat-vert","10":"product_tag-750","11":"product_tag-couleur","12":"product_tag-farrow","13":"product_tag-farrowball","14":"product_tag-peinture","15":"product_tag-saxon-green","16":"product_tag-vert","18":"first","19":"instock","20":"taxable","21":"shipping-taxable","22":"purchasable","23":"product-type-variable"},"acf":[],"_links":{"self":[{"href":"https:\/\/www.sorainstyles.com\/boutique\/wp-json\/wp\/v2\/product\/2305","targetHints":{"allow":["GET"]}}],"collection":[{"href":"https:\/\/www.sorainstyles.com\/boutique\/wp-json\/wp\/v2\/product"}],"about":[{"href":"https:\/\/www.sorainstyles.com\/boutique\/wp-json\/wp\/v2\/types\/product"}],"wp:featuredmedia":[{"embeddable":true,"href":"https:\/\/www.sorainstyles.com\/boutique\/wp-json\/wp\/v2\/media\/14079"}],"wp:attachment":[{"href":"https:\/\/www.sorainstyles.com\/boutique\/wp-json\/wp\/v2\/media?parent=2305"}],"wp:term":[{"taxonomy":"product_brand","embeddable":true,"href":"https:\/\/www.sorainstyles.com\/boutique\/wp-json\/wp\/v2\/product_brand?post=2305"},{"taxonomy":"product_cat","embeddable":true,"href":"https:\/\/www.sorainstyles.com\/boutique\/wp-json\/wp\/v2\/product_cat?post=2305"},{"taxonomy":"product_tag","embeddable":true,"href":"https:\/\/www.sorainstyles.com\/boutique\/wp-json\/wp\/v2\/product_tag?post=2305"}],"curies":[{"name":"wp","href":"https:\/\/api.w.org\/{rel}","templated":true}]}}