{"id":2184,"date":"2021-12-07T18:28:47","date_gmt":"2021-12-07T17:28:47","guid":{"rendered":"https:\/\/www.sorainstyles.com\/boutique\/produit\/wainscot-55\/"},"modified":"2026-01-28T14:55:09","modified_gmt":"2026-01-28T13:55:09","slug":"wainscot-55","status":"publish","type":"product","link":"https:\/\/www.sorainstyles.com\/boutique\/produit\/wainscot-55\/","title":{"rendered":"Wainscot 55"},"content":{"rendered":"<h1 class=\"product-hero__title\">Archive Collection : Wainscot &#8211; No. 55 de chez Farrow &amp; Ball<\/h1>\n<h2>Un brun chaud<\/h2>\n<p>Riches, terreuses et ancr\u00e9es, les tonalit\u00e9s chaudes de Wainscot contribuent \u00e0 cr\u00e9er des espaces intimes aussi bien pour se d\u00e9tendre, recevoir que travailler. La teinte No.55 &#8211; Wainscot est le plus chaud des <a href=\"https:\/\/www.cotemaison.fr\/couleurs\/diaporama\/comment-s-approprier-la-couleur-marron-en-deco_32824.html\" target=\"_blank\" rel=\"noopener\">bruns<\/a> de Farrow &amp; Ball. En effet, il s\u2019int\u00e8gre parfaitement avec tous nos neutres \u00e0 base rouge.<\/p>\n<p>Primer &amp; Undercoat recommand\u00e9e: <a href=\"https:\/\/www.sorainstyles.com\/boutique\/categorie-produit\/appret-sous-couches\/red-and-warm-tones\/\" target=\"_blank\" rel=\"noopener\">Red and Warm Tones<\/a><\/p>\n<p>Blanc compl\u00e9mentaire:\u00a0<a href=\"https:\/\/www.sorainstyles.com\/boutique\/produit\/joas-white-226\/\" target=\"_blank\" rel=\"noopener\">Joa&rsquo;s White<\/a><\/p>\n<h3>Exemple d&rsquo;harmonies de couleurs avec la teinte Wainscot &#8211; No.55<\/h3>\n<ul>\n<li>Oxford Stone No.264 &#8211; Calke Green No.34<\/li>\n<\/ul>\n<h3>Information produit<\/h3>\n<h4>A base d&rsquo;eau et sans danger pour les enfants<\/h4>\n<p>En 2010, Farrow &amp; Ball a \u00e9t\u00e9 les premiers du secteur \u00e0 passer \u00e0 une gamme de finitions \u00e9labor\u00e9es enti\u00e8rement \u00e0 base d\u2019eau. En effet, ces finitions \u00e0 faible teneur en COV et pratiquement sans odeur sont faciles \u00e0 nettoyer sans recourir \u00e0 des solvants nocifs.<\/p>\n<h4>Finitions de qualit\u00e9<\/h4>\n<p>Tout d&rsquo;abord, chacune de nos couleurs est disponible dans une gamme de finitions de peinture d\u2019int\u00e9rieur et d\u2019ext\u00e9rieur. Ensuite, chaque finition est test\u00e9e de mani\u00e8re rigoureuse pour garantir un fini durable et une profondeur de couleur exceptionnelle. Enfin, pour obtenir les meilleurs r\u00e9sultats, nous recommandons toujours d\u2019utiliser une Impression &amp; Sous-couche Farrow &amp; Ball &#8211; voir plus haut pour trouver la tonalit\u00e9 de couleur exacte pour cette peinture.<\/p>\n","protected":false},"excerpt":{"rendered":"<h3>Un brun chaud<\/h3>\n<p>Les tonalit\u00e9s chaudes, riches et terreuses de Wainscot cr\u00e9ent des espaces intimes et accueillants. En tant que brun le plus chaud de Farrow &amp; Ball, il se marie parfaitement avec les neutres \u00e0 base rouge.<\/p>\n<p>Sous-couche recommand\u00e9e : <a href=\"https:\/\/www.sorainstyles.com\/boutique\/categorie-produit\/appret-sous-couches\/red-and-warm-tones\/\" target=\"_blank\" rel=\"noopener\">Red and Warm Tones<\/a><\/p>\n","protected":false},"featured_media":14139,"template":"","meta":{"_acf_changed":false,"_et_pb_use_builder":"","_et_pb_old_content":"","_et_gb_content_width":""},"product_brand":[],"product_cat":[343,341,329,81],"product_tag":[800,406,371,366,362,799],"class_list":{"0":"post-2184","1":"product","2":"type-product","3":"status-publish","4":"has-post-thumbnail","6":"product_cat-archive","7":"product_cat-fonce-luminosite","8":"product_cat-neutre","9":"product_cat-peintures-de-finition","10":"product_tag-800","11":"product_tag-couleur","12":"product_tag-farrow","13":"product_tag-farrowball","14":"product_tag-peinture","15":"product_tag-wainscot","17":"first","18":"instock","19":"taxable","20":"shipping-taxable","21":"purchasable","22":"product-type-variable"},"acf":[],"_links":{"self":[{"href":"https:\/\/www.sorainstyles.com\/boutique\/wp-json\/wp\/v2\/product\/2184","targetHints":{"allow":["GET"]}}],"collection":[{"href":"https:\/\/www.sorainstyles.com\/boutique\/wp-json\/wp\/v2\/product"}],"about":[{"href":"https:\/\/www.sorainstyles.com\/boutique\/wp-json\/wp\/v2\/types\/product"}],"wp:featuredmedia":[{"embeddable":true,"href":"https:\/\/www.sorainstyles.com\/boutique\/wp-json\/wp\/v2\/media\/14139"}],"wp:attachment":[{"href":"https:\/\/www.sorainstyles.com\/boutique\/wp-json\/wp\/v2\/media?parent=2184"}],"wp:term":[{"taxonomy":"product_brand","embeddable":true,"href":"https:\/\/www.sorainstyles.com\/boutique\/wp-json\/wp\/v2\/product_brand?post=2184"},{"taxonomy":"product_cat","embeddable":true,"href":"https:\/\/www.sorainstyles.com\/boutique\/wp-json\/wp\/v2\/product_cat?post=2184"},{"taxonomy":"product_tag","embeddable":true,"href":"https:\/\/www.sorainstyles.com\/boutique\/wp-json\/wp\/v2\/product_tag?post=2184"}],"curies":[{"name":"wp","href":"https:\/\/api.w.org\/{rel}","templated":true}]}}