{"id":2039,"date":"2021-12-07T18:26:22","date_gmt":"2021-12-07T17:26:22","guid":{"rendered":"https:\/\/www.sorainstyles.com\/boutique\/produit\/sugar-bag-light-29\/"},"modified":"2025-10-02T09:08:44","modified_gmt":"2025-10-02T07:08:44","slug":"sugar-bag-light-29","status":"publish","type":"product","link":"https:\/\/www.sorainstyles.com\/boutique\/produit\/sugar-bag-light-29\/","title":{"rendered":"Sugar Bag Light 29"},"content":{"rendered":"<h2>Sugar Bag Light &#8211; No.29 de chez Farrow &amp; Ball<\/h2>\n<h2>Un bleu turquoise l\u00e9g\u00e8rement patin\u00e9<\/h2>\n<p>Cette couleur pleine de charme s\u2019inspire des sacs d\u00e9color\u00e9s par le soleil utilis\u00e9s pour l\u2019importation du sucre. Pleine d&rsquo;\u00e9nergie associ\u00e9e \u00e0 Saxon Green, nous pouvons consid\u00e9rer la teinte No.29 &#8211; Sugar Bag Light comme une version plus bleue et plus dense que Chappell Green.<\/p>\n<p>Primer &amp; Undercoat recommand\u00e9e: <a href=\"https:\/\/www.sorainstyles.com\/boutique\/impressions-sous-couches-farrow-ball\/\" target=\"_blank\" rel=\"noopener\">Dark Tones<\/a><\/p>\n<p>Blanc compl\u00e9mentaire : <a href=\"https:\/\/www.sorainstyles.com\/boutique\/produit\/school-house-white-291\/\">School House White<\/a><\/p>\n<h3>Exemple d\u2019harmonie de couleurs avec la teinte Sugar Bag Light \u2013 No.29<\/h3>\n<ul>\n<li>Stony Ground No.211 &#8211; Green Blue No.84<\/li>\n<\/ul>\n<h3>Information produit<\/h3>\n<h4>A base d&rsquo;eau et sans danger pour les enfants<\/h4>\n<p>En 2010, Farrow &amp; Ball a \u00e9t\u00e9 les premiers du secteur \u00e0 passer \u00e0 une gamme de finitions \u00e9labor\u00e9es enti\u00e8rement \u00e0 base d\u2019eau. En effet, ces finitions \u00e0 faible teneur en COV et pratiquement sans odeur sont faciles \u00e0 nettoyer sans recourir \u00e0 des solvants nocifs.<\/p>\n<h4>Finitions de qualit\u00e9<\/h4>\n<p>Tout d&rsquo;abord, chacune de nos couleurs est disponible dans une gamme de finitions de peinture d\u2019int\u00e9rieur et d\u2019ext\u00e9rieur. Ensuite, chaque finition est test\u00e9e de mani\u00e8re rigoureuse pour garantir un fini durable et une profondeur de couleur exceptionnelle. Enfin, pour obtenir les meilleurs r\u00e9sultats, nous recommandons toujours d\u2019utiliser une Impression &amp; Sous-couche Farrow &amp; Ball &#8211; voir plus haut pour trouver la tonalit\u00e9 de couleur exacte pour cette peinture.<\/p>\n","protected":false},"excerpt":{"rendered":"<h3>Un bleu turquoise l\u00e9g\u00e8rement patin\u00e9<\/h3>\n<p>Ce bleu turquoise combine la vivacit\u00e9 du turquoise avec des nuances de bleu, cr\u00e9ant une teinte \u00e9quilibr\u00e9e et apaisante. La l\u00e9g\u00e8re patine donne \u00e0 la couleur un effet vieilli apportant authenticit\u00e9 et caract\u00e8re \u00e0 la pi\u00e8ce.<\/p>\n<p>Sous-couche recommand\u00e9e : <a href=\"https:\/\/www.sorainstyles.com\/boutique\/categorie-produit\/appret-sous-couches\/dark-tones\/\" target=\"_blank\" rel=\"noopener\">Dark Tones<\/a><\/p>\n","protected":false},"featured_media":14061,"template":"","meta":{"_acf_changed":false,"_et_pb_use_builder":"","_et_pb_old_content":"","_et_gb_content_width":""},"product_brand":[],"product_cat":[343,330,98,81],"product_tag":[897,406,371,415,366,362,895,896],"class_list":{"0":"post-2039","1":"product","2":"type-product","3":"status-publish","4":"has-post-thumbnail","6":"product_cat-archive","7":"product_cat-bleu","8":"product_cat-moyen","9":"product_cat-peintures-de-finition","10":"product_tag-897","11":"product_tag-couleur","12":"product_tag-farrow","13":"product_tag-farrow-ball","14":"product_tag-farrowball","15":"product_tag-peinture","16":"product_tag-sugar-bag-light","17":"product_tag-sugar-bag-light-29","19":"first","20":"instock","21":"taxable","22":"shipping-taxable","23":"purchasable","24":"product-type-variable"},"acf":[],"_links":{"self":[{"href":"https:\/\/www.sorainstyles.com\/boutique\/wp-json\/wp\/v2\/product\/2039","targetHints":{"allow":["GET"]}}],"collection":[{"href":"https:\/\/www.sorainstyles.com\/boutique\/wp-json\/wp\/v2\/product"}],"about":[{"href":"https:\/\/www.sorainstyles.com\/boutique\/wp-json\/wp\/v2\/types\/product"}],"wp:featuredmedia":[{"embeddable":true,"href":"https:\/\/www.sorainstyles.com\/boutique\/wp-json\/wp\/v2\/media\/14061"}],"wp:attachment":[{"href":"https:\/\/www.sorainstyles.com\/boutique\/wp-json\/wp\/v2\/media?parent=2039"}],"wp:term":[{"taxonomy":"product_brand","embeddable":true,"href":"https:\/\/www.sorainstyles.com\/boutique\/wp-json\/wp\/v2\/product_brand?post=2039"},{"taxonomy":"product_cat","embeddable":true,"href":"https:\/\/www.sorainstyles.com\/boutique\/wp-json\/wp\/v2\/product_cat?post=2039"},{"taxonomy":"product_tag","embeddable":true,"href":"https:\/\/www.sorainstyles.com\/boutique\/wp-json\/wp\/v2\/product_tag?post=2039"}],"curies":[{"name":"wp","href":"https:\/\/api.w.org\/{rel}","templated":true}]}}