{"id":2024,"date":"2021-12-07T18:26:10","date_gmt":"2021-12-07T17:26:10","guid":{"rendered":"https:\/\/www.sorainstyles.com\/boutique\/produit\/ballroom-blue-24\/"},"modified":"2025-10-02T09:19:13","modified_gmt":"2025-10-02T07:19:13","slug":"ballroom-blue-24","status":"publish","type":"product","link":"https:\/\/www.sorainstyles.com\/boutique\/produit\/ballroom-blue-24\/","title":{"rendered":"Ballroom Blue 24"},"content":{"rendered":"<h2>Ballroom Blue &#8211; No.24 de chez Farrow &amp; Ball<\/h2>\n<h2>Un bleu vert nuanc\u00e9<\/h2>\n<p>La teinte No.24 &#8211; Ballroom Blue tire son nom des pi\u00e8ces destin\u00e9es \u00e0 recevoir les visiteurs et des salles de bal, dont elle constituait autrefois un \u00e9l\u00e9ment courant. Sa popularit\u00e9 lui venait de la s\u00e9duisante profondeur de sa couleur, qui lui donnait l\u2019intensit\u00e9 suffisante pour pouvoir d\u00e9corer de larges espaces. L\u2019id\u00e9al pour ceux qui recherchent une version l\u00e9g\u00e8rement plus bleue que Dix Blue.<\/p>\n<p>Primer &amp; Undercoat recommand\u00e9e: <a href=\"https:\/\/www.sorainstyles.com\/boutique\/categorie-produit\/appret-sous-couches\/dark-tones\/\" target=\"_blank\" rel=\"noopener\">Dark Tones<\/a><\/p>\n<p>Blanc compl\u00e9mentaire : <a href=\"https:\/\/www.sorainstyles.com\/boutique\/produit\/slipper-satin-2004\/\" target=\"_blank\" rel=\"noopener\">Slipper Satin<\/a><\/p>\n<h3>Exemple d\u2019harmonie de couleurs avec la teinte Ballroom Blue \u2013 No.24<\/h3>\n<ul>\n<li>Breakfast Room Green No.81 &#8211; Setting Plaster No.231<\/li>\n<\/ul>\n<h3>Information produit<\/h3>\n<h4>A base d&rsquo;eau et sans danger pour les enfants<\/h4>\n<p>En 2010, Farrow &amp; Ball a \u00e9t\u00e9 les premiers du secteur \u00e0 passer \u00e0 une gamme de finitions \u00e9labor\u00e9es enti\u00e8rement \u00e0 base d\u2019eau. En effet, ces finitions \u00e0 faible teneur en COV et pratiquement sans odeur sont faciles \u00e0 nettoyer sans recourir \u00e0 des solvants nocifs.<\/p>\n<h4>Finitions de qualit\u00e9<\/h4>\n<p>Tout d&rsquo;abord, chacune de nos couleurs est disponible dans une gamme de finitions de peinture d\u2019int\u00e9rieur et d\u2019ext\u00e9rieur. Ensuite, chaque finition est test\u00e9e de mani\u00e8re rigoureuse pour garantir un fini durable et une profondeur de couleur exceptionnelle. Enfin, pour obtenir les meilleurs r\u00e9sultats, nous recommandons toujours d\u2019utiliser une Impression &amp; Sous-couche Farrow &amp; Ball &#8211; voir plus haut pour trouver la tonalit\u00e9 de couleur exacte pour cette peinture.<\/p>\n","protected":false},"excerpt":{"rendered":"<h3>Un bleu vert nuanc\u00e9<\/h3>\n<p>Cette teinte offre une intensit\u00e9 suffisante pour d\u00e9corer de grands espaces, constituant une excellente option pour ceux qui pr\u00e9f\u00e8rent un bleu avec de l\u00e9gers sous-tons gris.<\/p>\n<p>Sous-couche recommand\u00e9e : <a href=\"https:\/\/www.sorainstyles.com\/boutique\/categorie-produit\/appret-sous-couches\/dark-tones\/\" target=\"_blank\" rel=\"noopener\">Dark Tones<\/a><\/p>\n","protected":false},"featured_media":14065,"template":"","meta":{"_acf_changed":false,"_et_pb_use_builder":"","_et_pb_old_content":"","_et_gb_content_width":""},"product_brand":[],"product_cat":[343,330,331,81],"product_tag":[884,882,883,371,415,366,362],"class_list":{"0":"post-2024","1":"product","2":"type-product","3":"status-publish","4":"has-post-thumbnail","6":"product_cat-archive","7":"product_cat-bleu","8":"product_cat-clair","9":"product_cat-peintures-de-finition","10":"product_tag-884","11":"product_tag-ballroom-blue","12":"product_tag-ballroom-blue-24","13":"product_tag-farrow","14":"product_tag-farrow-ball","15":"product_tag-farrowball","16":"product_tag-peinture","18":"first","19":"instock","20":"taxable","21":"shipping-taxable","22":"purchasable","23":"product-type-variable"},"acf":[],"_links":{"self":[{"href":"https:\/\/www.sorainstyles.com\/boutique\/wp-json\/wp\/v2\/product\/2024","targetHints":{"allow":["GET"]}}],"collection":[{"href":"https:\/\/www.sorainstyles.com\/boutique\/wp-json\/wp\/v2\/product"}],"about":[{"href":"https:\/\/www.sorainstyles.com\/boutique\/wp-json\/wp\/v2\/types\/product"}],"wp:featuredmedia":[{"embeddable":true,"href":"https:\/\/www.sorainstyles.com\/boutique\/wp-json\/wp\/v2\/media\/14065"}],"wp:attachment":[{"href":"https:\/\/www.sorainstyles.com\/boutique\/wp-json\/wp\/v2\/media?parent=2024"}],"wp:term":[{"taxonomy":"product_brand","embeddable":true,"href":"https:\/\/www.sorainstyles.com\/boutique\/wp-json\/wp\/v2\/product_brand?post=2024"},{"taxonomy":"product_cat","embeddable":true,"href":"https:\/\/www.sorainstyles.com\/boutique\/wp-json\/wp\/v2\/product_cat?post=2024"},{"taxonomy":"product_tag","embeddable":true,"href":"https:\/\/www.sorainstyles.com\/boutique\/wp-json\/wp\/v2\/product_tag?post=2024"}],"curies":[{"name":"wp","href":"https:\/\/api.w.org\/{rel}","templated":true}]}}