{"id":1957,"date":"2021-12-07T18:23:37","date_gmt":"2021-12-07T17:23:37","guid":{"rendered":"https:\/\/www.sorainstyles.com\/boutique\/produit\/fawn-10\/"},"modified":"2025-10-07T11:18:05","modified_gmt":"2025-10-07T09:18:05","slug":"fawn-10","status":"publish","type":"product","link":"https:\/\/www.sorainstyles.com\/boutique\/produit\/fawn-10\/","title":{"rendered":"Fawn 10"},"content":{"rendered":"<h2>Fawn &#8211; No.10 de chez Farrow &amp; Ball<\/h2>\n<h2>Un neutre naturel aux tonalit\u00e9s vertes<\/h2>\n<p>La teinte No.10 &#8211; Fawn est notre interpr\u00e9tation d\u2019un beige classique du 18e si\u00e8cle. \u00c0 l\u2019origine, cette couleur aurait d\u00fb \u00e9t\u00e9 utilis\u00e9e pour les murs et les boiseries, mais le vert sous-jacent dans Fawn indique qu\u2019elle est \u00e9galement magnifique comme teinte moyenne parmi notre groupe de neutres traditionnels, ou sur des surfaces en ext\u00e9rieur o\u00f9 elle peut refl\u00e9ter les tonalit\u00e9s de la verdure environnante.<\/p>\n<p>Primer &amp; Undercoat recommand\u00e9e: <a href=\"https:\/\/www.sorainstyles.com\/boutique\/categorie-produit\/appret-sous-couches\/mid-tones\/\" target=\"_blank\" rel=\"noopener\">Mid Tones<\/a><\/p>\n<p>Blanc compl\u00e9mentaire : <a href=\"https:\/\/www.sorainstyles.com\/boutique\/produit\/lime-white-1\/\" target=\"_blank\" rel=\"noopener\">Lime White<\/a><\/p>\n<h3>3 exemples d\u2019harmonies de couleurs avec la teinte Fawn \u2013 No.10<\/h3>\n<ul>\n<li>Lime White No.1 &#8211; Off-White No.3<\/li>\n<li>Green Stone No.12 &#8211; Buff No.20<\/li>\n<li>Card Room Green No.79 &#8211; Mouse&rsquo;s Back No.40<\/li>\n<\/ul>\n<h3>Information produit<\/h3>\n<h4>A base d&rsquo;eau et sans danger pour les enfants<\/h4>\n<p>En 2010, Farrow &amp; Ball a \u00e9t\u00e9 les premiers du secteur \u00e0 passer \u00e0 une gamme de finitions \u00e9labor\u00e9es enti\u00e8rement \u00e0 base d\u2019eau. En effet, ces finitions \u00e0 faible teneur en COV et pratiquement sans odeur sont faciles \u00e0 nettoyer sans recourir \u00e0 des solvants nocifs.<\/p>\n<h4>Finitions de qualit\u00e9<\/h4>\n<p>Tout d&rsquo;abord, chacune de nos couleurs est disponible dans une gamme de finitions de peinture d\u2019int\u00e9rieur et d\u2019ext\u00e9rieur. Ensuite, chaque finition est test\u00e9e de mani\u00e8re rigoureuse pour garantir un fini durable et une profondeur de couleur exceptionnelle. Enfin, pour obtenir les meilleurs r\u00e9sultats, nous recommandons toujours d\u2019utiliser une Impression &amp; Sous-couche Farrow &amp; Ball &#8211; voir plus haut pour trouver la tonalit\u00e9 de couleur exacte pour cette peinture.<\/p>\n","protected":false},"excerpt":{"rendered":"<h3>Un neutre naturel aux tonalit\u00e9s vertes<\/h3>\n<p>Fawn est notre version moderne d&rsquo;un beige classique. Cette teinte polyvalente s&rsquo;adapte \u00e0 toutes les pi\u00e8ces de votre int\u00e9rieur.<\/p>\n<p>Sous-couche recommand\u00e9e : <a href=\"https:\/\/www.sorainstyles.com\/boutique\/categorie-produit\/appret-sous-couches\/mid-tones\/\" target=\"_blank\" rel=\"noopener\">Mid Tones<\/a><\/p>\n","protected":false},"featured_media":14162,"template":"","meta":{"_acf_changed":false,"_et_pb_use_builder":"","_et_pb_old_content":"","_et_gb_content_width":""},"product_brand":[],"product_cat":[343,331,329,81],"product_tag":[406,371,415,366,868,869,362],"class_list":{"0":"post-1957","1":"product","2":"type-product","3":"status-publish","4":"has-post-thumbnail","6":"product_cat-archive","7":"product_cat-clair","8":"product_cat-neutre","9":"product_cat-peintures-de-finition","10":"product_tag-couleur","11":"product_tag-farrow","12":"product_tag-farrow-ball","13":"product_tag-farrowball","14":"product_tag-fawn","15":"product_tag-fawn-10","16":"product_tag-peinture","18":"first","19":"instock","20":"taxable","21":"shipping-taxable","22":"purchasable","23":"product-type-variable"},"acf":[],"_links":{"self":[{"href":"https:\/\/www.sorainstyles.com\/boutique\/wp-json\/wp\/v2\/product\/1957","targetHints":{"allow":["GET"]}}],"collection":[{"href":"https:\/\/www.sorainstyles.com\/boutique\/wp-json\/wp\/v2\/product"}],"about":[{"href":"https:\/\/www.sorainstyles.com\/boutique\/wp-json\/wp\/v2\/types\/product"}],"wp:featuredmedia":[{"embeddable":true,"href":"https:\/\/www.sorainstyles.com\/boutique\/wp-json\/wp\/v2\/media\/14162"}],"wp:attachment":[{"href":"https:\/\/www.sorainstyles.com\/boutique\/wp-json\/wp\/v2\/media?parent=1957"}],"wp:term":[{"taxonomy":"product_brand","embeddable":true,"href":"https:\/\/www.sorainstyles.com\/boutique\/wp-json\/wp\/v2\/product_brand?post=1957"},{"taxonomy":"product_cat","embeddable":true,"href":"https:\/\/www.sorainstyles.com\/boutique\/wp-json\/wp\/v2\/product_cat?post=1957"},{"taxonomy":"product_tag","embeddable":true,"href":"https:\/\/www.sorainstyles.com\/boutique\/wp-json\/wp\/v2\/product_tag?post=1957"}],"curies":[{"name":"wp","href":"https:\/\/api.w.org\/{rel}","templated":true}]}}