{"id":1917,"date":"2021-12-07T18:22:39","date_gmt":"2021-12-07T17:22:39","guid":{"rendered":"https:\/\/www.sorainstyles.com\/boutique\/produit\/hardwick-white-5\/"},"modified":"2026-01-29T10:19:29","modified_gmt":"2026-01-29T09:19:29","slug":"hardwick-white-5","status":"publish","type":"product","link":"https:\/\/www.sorainstyles.com\/boutique\/produit\/hardwick-white-5\/","title":{"rendered":"Hardwick White 5"},"content":{"rendered":"<h2>Hardwick White &#8211; No.5 de chez Farrow &amp; Ball<\/h2>\n<h2>Un gris traditionnel<\/h2>\n<p>Ce gris traditionnel fut cr\u00e9\u00e9 \u00e0 l\u2019origine pour rafra\u00eechir l\u2019ancien lait de chaux blanc \u00e0 Hardwick Hall. Il est difficile de qualifier cette couleur de blanche, sauf en association avec des couleurs tr\u00e8s fonc\u00e9es comme Off-Black. Moins bleue que Lamp Room Gray et dot\u00e9e d\u2019une profondeur de couleur incomparable, la tonalit\u00e9 somptueuse et crayeuse de la teinte No.5 &#8211; Hardwick White se pr\u00eate tout aussi bien au d\u00e9cor d\u2019une pi\u00e8ce contemporaine qu\u2019\u00e0 celui d\u2019une demeure historique.<\/p>\n<p>Primer &amp; Undercoat recommand\u00e9e: <a href=\"https:\/\/www.sorainstyles.com\/boutique\/categorie-produit\/appret-sous-couches\/mid-tones\/\" target=\"_blank\" rel=\"noopener\">Mid Tones<\/a><\/p>\n<p><strong>Blanc compl\u00e9mentaire:<\/strong>\u00a0<a href=\"https:\/\/www.sorainstyles.com\/boutique\/produit\/school-house-white-291\/\" target=\"_blank\" rel=\"noopener\">School House White<\/a><\/p>\n<h3>3 exemples d\u2019harmonies de couleurs avec la teinte Hardwick White &#8211; No.5<\/h3>\n<ul>\n<li>Shaded White No.201 &#8211; Down Pipe No.26<\/li>\n<li>Pitch Black No.256 &#8211; Inchyra Blue No.289<\/li>\n<li>Wevet No.273 &#8211; Strong White No.2001<\/li>\n<\/ul>\n<h3>Information produit<\/h3>\n<h4>A base d&rsquo;eau et sans danger pour les enfants<\/h4>\n<p>En 2010, Farrow &amp; Ball a \u00e9t\u00e9 les premiers du secteur \u00e0 passer \u00e0 une gamme de finitions \u00e9labor\u00e9es enti\u00e8rement \u00e0 base d\u2019eau. En effet, ces finitions \u00e0 faible teneur en COV et pratiquement sans odeur sont faciles \u00e0 nettoyer sans recourir \u00e0 des solvants nocifs.<\/p>\n<h4>Finitions de qualit\u00e9<\/h4>\n<p>Tout d&rsquo;abord, chacune de nos couleurs est disponible dans une gamme de finitions de peinture d\u2019int\u00e9rieur et d\u2019ext\u00e9rieur. Ensuite, chaque finition est test\u00e9e de mani\u00e8re rigoureuse pour garantir un fini durable et une profondeur de couleur exceptionnelle. Enfin, pour obtenir les meilleurs r\u00e9sultats, nous recommandons toujours d\u2019utiliser une Impression &amp; Sous-couche Farrow &amp; Ball &#8211; voir plus haut pour trouver la tonalit\u00e9 de couleur exacte pour cette peinture.<\/p>\n<p>&nbsp;<\/p>\n","protected":false},"excerpt":{"rendered":"<h3>Un gris traditionnel<\/h3>\n<p>Hardwick White, un gris traditionnel avec une profondeur de couleur incomparable. Il poss\u00e8de tr\u00e8s peu de ton sous-jacent bleu ce qui lui conf\u00e8re une tonalit\u00e9 somptueuse et crayeuse.<\/p>\n<p>Sous-couche recommand\u00e9e : <a href=\"https:\/\/www.sorainstyles.com\/boutique\/categorie-produit\/appret-sous-couches\/mid-tones\/\" target=\"_blank\" rel=\"noopener\">Mid Tones<\/a><\/p>\n","protected":false},"featured_media":14276,"template":"","meta":{"_acf_changed":false,"_et_pb_use_builder":"","_et_pb_old_content":"","_et_gb_content_width":""},"product_brand":[],"product_cat":[98,329,143,81],"product_tag":[406,371,415,366,858,859,362],"class_list":{"0":"post-1917","1":"product","2":"type-product","3":"status-publish","4":"has-post-thumbnail","6":"product_cat-moyen","7":"product_cat-neutre","8":"product_cat-nuancier-actuel","9":"product_cat-peintures-de-finition","10":"product_tag-couleur","11":"product_tag-farrow","12":"product_tag-farrow-ball","13":"product_tag-farrowball","14":"product_tag-hardwick-white","15":"product_tag-hardwick-white-5","16":"product_tag-peinture","18":"first","19":"instock","20":"taxable","21":"shipping-taxable","22":"purchasable","23":"product-type-variable"},"acf":[],"_links":{"self":[{"href":"https:\/\/www.sorainstyles.com\/boutique\/wp-json\/wp\/v2\/product\/1917","targetHints":{"allow":["GET"]}}],"collection":[{"href":"https:\/\/www.sorainstyles.com\/boutique\/wp-json\/wp\/v2\/product"}],"about":[{"href":"https:\/\/www.sorainstyles.com\/boutique\/wp-json\/wp\/v2\/types\/product"}],"wp:featuredmedia":[{"embeddable":true,"href":"https:\/\/www.sorainstyles.com\/boutique\/wp-json\/wp\/v2\/media\/14276"}],"wp:attachment":[{"href":"https:\/\/www.sorainstyles.com\/boutique\/wp-json\/wp\/v2\/media?parent=1917"}],"wp:term":[{"taxonomy":"product_brand","embeddable":true,"href":"https:\/\/www.sorainstyles.com\/boutique\/wp-json\/wp\/v2\/product_brand?post=1917"},{"taxonomy":"product_cat","embeddable":true,"href":"https:\/\/www.sorainstyles.com\/boutique\/wp-json\/wp\/v2\/product_cat?post=1917"},{"taxonomy":"product_tag","embeddable":true,"href":"https:\/\/www.sorainstyles.com\/boutique\/wp-json\/wp\/v2\/product_tag?post=1917"}],"curies":[{"name":"wp","href":"https:\/\/api.w.org\/{rel}","templated":true}]}}