{"id":13755,"date":"2025-02-03T13:05:22","date_gmt":"2025-02-03T12:05:22","guid":{"rendered":"https:\/\/www.sorainstyles.com\/boutique\/?post_type=product&#038;p=13755"},"modified":"2025-10-31T14:01:40","modified_gmt":"2025-10-31T13:01:40","slug":"kakelugn-317","status":"publish","type":"product","link":"https:\/\/www.sorainstyles.com\/boutique\/produit\/kakelugn-317\/","title":{"rendered":"Kakelugn 317"},"content":{"rendered":"<h1>Kakelugn &#8211; No.317 de chez Farrow &amp; Ball<\/h1>\n<h2>Un bleu clair propre<\/h2>\n<div class=\"flex max-w-full flex-col flex-grow\">\n<div class=\"min-h-8 text-message flex w-full flex-col items-end gap-2 whitespace-normal break-words text-start [.text-message+&amp;]:mt-5\" dir=\"auto\" data-message-author-role=\"assistant\" data-message-id=\"dea16248-e37d-4e52-8878-89e2dde13aca\" data-message-model-slug=\"gpt-4o\">\n<div class=\"flex w-full flex-col gap-1 empty:hidden first:pt-[3px]\">\n<div class=\"markdown prose w-full break-words dark:prose-invert light\">\n<p>La teinte No.317 &#8211; Kakelugn est une version \u00e9pur\u00e9e et tr\u00e8s pris\u00e9e du bleu clair. Son nom fait r\u00e9f\u00e9rence aux po\u00eales traditionnels su\u00e9dois, souvent orn\u00e9s de cette nuance d\u00e9licate.<\/p>\n<\/div>\n<\/div>\n<\/div>\n<\/div>\n<p>Primer &amp; Undercoat recommand\u00e9e: <a href=\"https:\/\/www.sorainstyles.com\/boutique\/produit\/wall-ceilling-primer-undercoat\/?attribute_pa_ton=white-light-tones\" target=\"_blank\" rel=\"noopener\">White &amp; Light Tones<\/a><\/p>\n<p>Blanc compl\u00e9mentaire : <a href=\"https:\/\/www.sorainstyles.com\/boutique\/produit\/strong-white-2001\/\" target=\"_blank\" rel=\"noopener\">Strong White 2001<\/a><\/p>\n<h3>5 exemples d&rsquo;harmonies de couleurs avec la teinte Kakelugn &#8211; No.317<\/h3>\n<ul>\n<li>Bamboozle 304 &#8211; Hague Blue 30<\/li>\n<li>Oval Room Blue 85 &#8211; Strong White 2001<\/li>\n<li>Calamine 230 &#8211; Wimborne White 239<\/li>\n<li>Sizing 314 &#8211; All White 2005<\/li>\n<li>Sap Green 199 &#8211; Sizing 314<\/li>\n<\/ul>\n<h3>Information produit<\/h3>\n<h4>A base d&rsquo;eau et sans danger pour les enfants<\/h4>\n<p>En 2010, Farrow &amp; Ball a \u00e9t\u00e9 les premiers du secteur \u00e0 passer \u00e0 une gamme de finitions \u00e9labor\u00e9es enti\u00e8rement \u00e0 base d\u2019eau. En effet, ces finitions \u00e0 faible teneur en COV et pratiquement sans odeur sont faciles \u00e0 nettoyer sans recourir \u00e0 des solvants nocifs.<\/p>\n<h4>Finitions de qualit\u00e9<\/h4>\n<p>Tout d&rsquo;abord, chacune de nos couleurs est disponible dans une gamme de finitions de peinture d\u2019int\u00e9rieur et d\u2019ext\u00e9rieur. Ensuite, chaque finition est test\u00e9e de mani\u00e8re rigoureuse pour garantir un fini durable et une profondeur de couleur exceptionnelle. Enfin, pour obtenir les meilleurs r\u00e9sultats, nous recommandons toujours d\u2019utiliser une Impression &amp; Sous-couche Farrow &amp; Ball &#8211; voir plus haut pour trouver la tonalit\u00e9 de couleur exacte pour cette peinture.<\/p>\n","protected":false},"excerpt":{"rendered":"<h3>Un bleu clair plus pur<\/h3>\n<p>La teinte No.317 &#8211; Kakelugn est une version \u00e9pur\u00e9e et tr\u00e8s pris\u00e9e du bleu clair. Son nom fait r\u00e9f\u00e9rence aux po\u00eales traditionnels su\u00e9dois, souvent orn\u00e9s de cette nuance d\u00e9licate.<\/p>\n<p>Sous-couche recommand\u00e9e : <a href=\"https:\/\/www.sorainstyles.com\/boutique\/produit\/wall-ceilling-primer-undercoat\/?attribute_pa_ton=white-light-tones\" target=\"_blank\" rel=\"noopener\">White &amp; Light Tones<\/a><\/p>\n","protected":false},"featured_media":14327,"template":"","meta":{"_acf_changed":false,"_et_pb_use_builder":"","_et_pb_old_content":"","_et_gb_content_width":""},"product_brand":[],"product_cat":[330,98,143,81],"product_tag":[],"class_list":{"0":"post-13755","1":"product","2":"type-product","3":"status-publish","4":"has-post-thumbnail","6":"product_cat-bleu","7":"product_cat-moyen","8":"product_cat-nuancier-actuel","9":"product_cat-peintures-de-finition","11":"first","12":"instock","13":"taxable","14":"shipping-taxable","15":"purchasable","16":"product-type-variable"},"acf":[],"_links":{"self":[{"href":"https:\/\/www.sorainstyles.com\/boutique\/wp-json\/wp\/v2\/product\/13755","targetHints":{"allow":["GET"]}}],"collection":[{"href":"https:\/\/www.sorainstyles.com\/boutique\/wp-json\/wp\/v2\/product"}],"about":[{"href":"https:\/\/www.sorainstyles.com\/boutique\/wp-json\/wp\/v2\/types\/product"}],"wp:featuredmedia":[{"embeddable":true,"href":"https:\/\/www.sorainstyles.com\/boutique\/wp-json\/wp\/v2\/media\/14327"}],"wp:attachment":[{"href":"https:\/\/www.sorainstyles.com\/boutique\/wp-json\/wp\/v2\/media?parent=13755"}],"wp:term":[{"taxonomy":"product_brand","embeddable":true,"href":"https:\/\/www.sorainstyles.com\/boutique\/wp-json\/wp\/v2\/product_brand?post=13755"},{"taxonomy":"product_cat","embeddable":true,"href":"https:\/\/www.sorainstyles.com\/boutique\/wp-json\/wp\/v2\/product_cat?post=13755"},{"taxonomy":"product_tag","embeddable":true,"href":"https:\/\/www.sorainstyles.com\/boutique\/wp-json\/wp\/v2\/product_tag?post=13755"}],"curies":[{"name":"wp","href":"https:\/\/api.w.org\/{rel}","templated":true}]}}